000
CDUS43 KLOT 260633
CLIDPA


CLIMATE REPORT
NATIONAL WEATHER SERVICE CHICAGO IL
132 AM CDT SAT MAY 26 2018


...................................

...THE DU PAGE  AIRPORT CLIMATE SUMMARY FOR MAY 25 2018...

CLIMATE NORMAL PERIOD 1981 TO 2010
CLIMATE RECORD PERIOD 1997 TO 2018


WEATHER ITEM   OBSERVED TIME   RECORD YEAR NORMAL DEPARTURE LAST
                VALUE   (LST)  VALUE       VALUE  FROM      YEAR
                                                  NORMAL
..................................................................
TEMPERATURE (F)
 YESTERDAY
  MAXIMUM         89R   244 PM  89    2010  74     15       70
  MINIMUM         60    441 AM  39    2002  51      9       52
  AVERAGE         75                        63     12       61

PRECIPITATION (IN)
  YESTERDAY        0.01          1.04        0.15  -0.14     0.00
  MONTH TO DATE    5.88                      3.79   2.09     3.99
  SINCE MAR 1      9.02                      9.50  -0.48    13.41
  SINCE JAN 1     11.22                     12.23  -1.01    16.82

DEGREE DAYS
 HEATING
  YESTERDAY        0                         5     -5        4
  MONTH TO DATE   88                       191   -103      249
  SINCE MAR 1   1712                      1502    210     1436
  SINCE JUL 1   6584                      6257    327     5535

 COOLING
  YESTERDAY       10                         2      8        0
  MONTH TO DATE   35                        27      8       15
  SINCE MAR 1     35                        31      4       23
  SINCE JAN 1     35                        31      4       23
..................................................................


WIND (MPH)
  RESULTANT WIND SPEED   6   RESULTANT WIND DIRECTION  SW (220)
  HIGHEST WIND SPEED    18   HIGHEST WIND DIRECTION     W (270)
  HIGHEST GUST SPEED    24   HIGHEST GUST DIRECTION     W (270)
  AVERAGE WIND SPEED     7.6



WEATHER CONDITIONS
 THE FOLLOWING WEATHER WAS RECORDED YESTERDAY.
  LIGHT RAIN
  FOG
  HAZE


..........................................................


THE DU PAGE  AIRPORT CLIMATE NORMALS FOR TODAY
                         NORMAL    RECORD    YEAR
 MAXIMUM TEMPERATURE (F)   74        89      2014
                                             2010
 MINIMUM TEMPERATURE (F)   51        37      2002


SUNRISE AND SUNSET
MAY 26 2018...........SUNRISE   524 AM CDT   SUNSET   817 PM CDT
MAY 27 2018...........SUNRISE   523 AM CDT   SUNSET   818 PM CDT


-  INDICATES NEGATIVE NUMBERS.
R  INDICATES RECORD WAS SET OR TIED.
MM INDICATES DATA IS MISSING.
T  INDICATES TRACE AMOUNT.




$$
