000
CDUS42 KAKQ 190538
CLIECG


CLIMATE REPORT
NATIONAL WEATHER SERVICE WAKEFIELD, VA
137 AM EDT THU APR 19 2018


...................................

...THE ELIZABETH CITY NC CLIMATE SUMMARY FOR APRIL 18 2018...

CLIMATE NORMAL PERIOD 1981 TO 2010
CLIMATE RECORD PERIOD 1934 TO 2018


WEATHER ITEM   OBSERVED TIME   RECORD YEAR NORMAL DEPARTURE LAST
                VALUE   (LST)  VALUE       VALUE  FROM      YEAR
                                                  NORMAL
..................................................................
TEMPERATURE (F)
 YESTERDAY
  MAXIMUM         66   1034 PM  91    1941  70     -4       68
  MINIMUM         47    522 AM  32    1997  49     -2       55
  AVERAGE         57                        59     -2       62

PRECIPITATION (IN)
  YESTERDAY        0.00          1.25 1969   0.09  -0.09     0.02
  MONTH TO DATE    3.27                      1.95   1.32     0.76
  SINCE MAR 1      7.69                      5.93   1.76     4.55
  SINCE JAN 1     14.33                     12.37   1.96     9.16

SNOWFALL (IN)
  YESTERDAY        0.0           0.0  2002  MM     MM
  MONTH TO DATE    0.0                      MM     MM
  SINCE NOV 1      6.8                      MM     MM
  SINCE JUL 1      6.8                      MM     MM
  SNOW DEPTH       0

DEGREE DAYS
 HEATING
  YESTERDAY        8                         7      1        3
  MONTH TO DATE  151                       157     -6       75
  SINCE MAR 1    735                       622    113      550
  SINCE JUL 1   3026                      3094    -68     2645

 COOLING
  YESTERDAY        0                         1     -1        0
  MONTH TO DATE   13                        18     -5       39
  SINCE MAR 1     16                        23     -7       46
  SINCE JAN 1     45                        25     20       49
..................................................................


WIND (MPH)
  HIGHEST WIND SPEED    16   HIGHEST WIND DIRECTION    SE (120)
  HIGHEST GUST SPEED    19   HIGHEST GUST DIRECTION     S (180)
  AVERAGE WIND SPEED     9.6


SKY COVER
  POSSIBLE SUNSHINE  MM
  AVERAGE SKY COVER 0.1


WEATHER CONDITIONS
 THE FOLLOWING WEATHER WAS RECORDED YESTERDAY.
  NO SIGNIFICANT WEATHER WAS OBSERVED.


RELATIVE HUMIDITY (PERCENT)
 HIGHEST    87           700 PM
 LOWEST     57          1000 AM
 AVERAGE    72

..........................................................


THE ELIZABETH CITY NC CLIMATE NORMALS FOR TODAY
                         NORMAL    RECORD    YEAR
 MAXIMUM TEMPERATURE (F)   71        92      1941
 MINIMUM TEMPERATURE (F)   49        32      2001


SUNRISE AND SUNSET
APRIL 19 2018.........SUNRISE   626 AM EDT   SUNSET   742 PM EDT
APRIL 20 2018.........SUNRISE   625 AM EDT   SUNSET   743 PM EDT


-  INDICATES NEGATIVE NUMBERS.
R  INDICATES RECORD WAS SET OR TIED.
MM INDICATES DATA IS MISSING.
T  INDICATES TRACE AMOUNT.




$$
