000
CDUS45 KLKN 200929
CLIEKO


CLIMATE REPORT
NATIONAL WEATHER SERVICE ELKO NV
228 AM PDT SUN MAY 20 2018


...................................

...THE ELKO AIRPORT NV CLIMATE SUMMARY FOR MAY 19 2018...

CLIMATE NORMAL PERIOD 1981 TO 2010
CLIMATE RECORD PERIOD 1888 TO 2018


WEATHER ITEM   OBSERVED TIME   RECORD YEAR NORMAL DEPARTURE LAST
                VALUE   (LST)  VALUE       VALUE  FROM      YEAR
                                                  NORMAL
..................................................................
TEMPERATURE (F)
 YESTERDAY
  MAXIMUM         74    339 PM  92    1954  70      4       66
  MINIMUM         39    451 AM  20    1960  38      1       35
                                      1950
  AVERAGE         57                        54      3       51

PRECIPITATION (IN)
  YESTERDAY        T             0.85 1917   0.03  -0.03     0.00
  MONTH TO DATE    1.00                      0.59   0.41     0.56
  SINCE OCT 1      6.66                      7.58  -0.92    12.84
  SINCE JAN 1      4.96                      4.52   0.44     7.21

SNOWFALL (IN)
  YESTERDAY        0.0           0.3  1975   0.0    0.0      0.0
  MONTH TO DATE    T                         0.4   -0.4       T
  SINCE MAR 1     14.3                       8.7    5.6      1.9
  SINCE JUL 1     28.2                      41.2  -13.0     53.3
  SNOW DEPTH       0

DEGREE DAYS
 HEATING
  YESTERDAY        8                        11     -3       14
  MONTH TO DATE  196                       253    -57      215
  SINCE MAR 1   1597                      1656    -59     1438
  SINCE JUL 1   6239                      6824   -585     6174

 COOLING
  YESTERDAY        0                         0      0        0
  MONTH TO DATE    1                         0      1        0
  SINCE MAR 1      1                         0      1        0
  SINCE JAN 1      1                         0      1        0
..................................................................


WIND (MPH)
  HIGHEST WIND SPEED    16   HIGHEST WIND DIRECTION    SW (220)
  HIGHEST GUST SPEED    20   HIGHEST GUST DIRECTION    SW (220)
  AVERAGE WIND SPEED     5.2



WEATHER CONDITIONS
 THE FOLLOWING WEATHER WAS RECORDED YESTERDAY.
  LIGHT RAIN
  FOG


RELATIVE HUMIDITY (PERCENT)
 HIGHEST    92           300 AM
 LOWEST     25           200 PM
 AVERAGE    59

..........................................................


THE ELKO AIRPORT NV CLIMATE NORMALS FOR TODAY
                         NORMAL    RECORD    YEAR
 MAXIMUM TEMPERATURE (F)   71        90      1919
 MINIMUM TEMPERATURE (F)   39        19      1936


SUNRISE AND SUNSET
MAY 20 2018...........SUNRISE   521 AM PDT   SUNSET   759 PM PDT
MAY 21 2018...........SUNRISE   521 AM PDT   SUNSET   759 PM PDT


-  INDICATES NEGATIVE NUMBERS.
R  INDICATES RECORD WAS SET OR TIED.
MM INDICATES DATA IS MISSING.
T  INDICATES TRACE AMOUNT.




$$
