000
CDUS44 KSHV 262151
CLIELD


CLIMATE REPORT
NATIONAL WEATHER SERVICE SHREVEPORT, LA
450 PM CDT THU APR 26 2018


...................................

...THE EL DORADO CLIMATE SUMMARY FOR APRIL 26 2018...
VALID TODAY AS OF 0400 PM LOCAL TIME.

CLIMATE NORMAL PERIOD 1981 TO 2010
CLIMATE RECORD PERIOD 1907 TO 2018


WEATHER ITEM   OBSERVED TIME   RECORD YEAR NORMAL DEPARTURE LAST
                VALUE   (LST)  VALUE       VALUE  FROM      YEAR
                                                  NORMAL
..................................................................
TEMPERATURE (F)
 TODAY
  MAXIMUM         68    259 PM  90    1949  78    -10       80
  MINIMUM         48    609 AM  36    1949  54     -6       53
  AVERAGE         58                        66     -8       67

PRECIPITATION (IN)
  TODAY            T            10.65 1958   0.14  -0.14     0.99
  MONTH TO DATE    4.46                      3.53   0.93     8.43
  SINCE DEC 1     31.59                     22.55   9.04    24.84
  SINCE JAN 1     25.96                     17.37   8.59    18.55

SNOWFALL (IN)
  TODAY           MM
  MONTH TO DATE    0.0
  SINCE MAR 1      0.0
  SINCE JUL 1      2.8
  SNOW DEPTH       0

DEGREE DAYS
 HEATING
  TODAY            7                         2      5        0
  MONTH TO DATE  176                       110     66       37
  SINCE MAR 1    412                       418     -6      249
  SINCE JUL 1   2514                      2646   -132     1701

 COOLING
  TODAY            0                         3     -3        2
  MONTH TO DATE   16                        57    -41       76
  SINCE MAR 1     46                        79    -33      129
  SINCE JAN 1     71                        85    -14      156
..................................................................


WIND (MPH)
  HIGHEST WIND SPEED    14   HIGHEST WIND DIRECTION    NW (310)
  HIGHEST GUST SPEED    19   HIGHEST GUST DIRECTION     W (280)
  AVERAGE WIND SPEED     6.8


SKY COVER
  POSSIBLE SUNSHINE  MM
  AVERAGE SKY COVER 0.7


WEATHER CONDITIONS
 THE FOLLOWING WEATHER WAS RECORDED TODAY.
  LIGHT RAIN


RELATIVE HUMIDITY (PERCENT)
 HIGHEST   100           500 AM
 LOWEST     63           200 PM
 AVERAGE    82

..........................................................


THE EL DORADO CLIMATE NORMALS FOR TOMORROW
                         NORMAL    RECORD    YEAR
 MAXIMUM TEMPERATURE (F)   78        93      1987
 MINIMUM TEMPERATURE (F)   55        39      1992


SUNRISE AND SUNSET
APRIL 26 2018.........SUNRISE   629 AM CDT   SUNSET   750 PM CDT
APRIL 27 2018.........SUNRISE   627 AM CDT   SUNSET   751 PM CDT


-  INDICATES NEGATIVE NUMBERS.
R  INDICATES RECORD WAS SET OR TIED.
MM INDICATES DATA IS MISSING.
T  INDICATES TRACE AMOUNT.




$$
