000
CDUS44 KEPZ 232342
CLIELP


CLIMATE REPORT
NATIONAL WEATHER SERVICE EL PASO, TX
539 PM MDT WED MAY 23 2018


...................................

...THE EL PASO CLIMATE SUMMARY FOR MAY 23 2018...
VALID TODAY AS OF 500 PM LOCAL TIME.

CLIMATE NORMAL PERIOD 1981 TO 2010
CLIMATE RECORD PERIOD 1879 TO 2018


WEATHER ITEM   OBSERVED TIME   RECORD YEAR NORMAL DEPARTURE LAST
                VALUE   (LST)  VALUE       VALUE  FROM      YEAR
                                                  NORMAL
..................................................................
TEMPERATURE (F)
 TODAY
  MAXIMUM         93    348 PM 105    2005  90      3       87
  MINIMUM         64    509 AM  45    1975  62      2       64

PRECIPITATION (IN)
  TODAY            0.00                      0.02  -0.02     0.00
  MONTH TO DATE    0.41                      0.33   0.08      T
  SINCE MAR 1      0.62                      0.82  -0.20     0.14
  SINCE JAN 1      1.39                      1.68  -0.29     1.35

..................................................................


WIND (MPH)
  HIGHEST WIND SPEED    20   HIGHEST WIND DIRECTION     W (270)
  HIGHEST GUST SPEED    29   HIGHEST GUST DIRECTION     W (250)


SKY COVER
  AVERAGE SKY COVER 0.2


WEATHER CONDITIONS
 THE FOLLOWING WEATHER WAS RECORDED TODAY.
  NO SIGNIFICANT WEATHER WAS OBSERVED.


RELATIVE HUMIDITY (PERCENT)
 HIGHEST    43          1200 AM
 LOWEST      8           300 PM

..........................................................


THE EL PASO CLIMATE NORMALS FOR TOMORROW
                         NORMAL    RECORD    YEAR
 MAXIMUM TEMPERATURE (F)   90       102      2000
 MINIMUM TEMPERATURE (F)   62        36      1939


SUNRISE AND SUNSET
MAY 23 2018...........SUNRISE   604 AM MDT   SUNSET   801 PM MDT
MAY 24 2018...........SUNRISE   604 AM MDT   SUNSET   802 PM MDT


-  INDICATES NEGATIVE NUMBERS.
R  INDICATES RECORD WAS SET OR TIED.
MM INDICATES DATA IS MISSING.
T  INDICATES TRACE AMOUNT.




$$
