700
CDUS41 KCLE 220545
CLIERI


CLIMATE REPORT
NATIONAL WEATHER SERVICE CLEVELAND OH
145 AM EDT TUE MAY 22 2018


...................................

...THE ERIE PA CLIMATE SUMMARY FOR MAY 21 2018...

CLIMATE NORMAL PERIOD 1981 TO 2010
CLIMATE RECORD PERIOD 1873 TO 2018


WEATHER ITEM   OBSERVED TIME   RECORD YEAR NORMAL DEPARTURE LAST
                VALUE   (LST)  VALUE       VALUE  FROM      YEAR
                                                  NORMAL
..................................................................
TEMPERATURE (F)
 YESTERDAY
  MAXIMUM         67    445 PM  88    1911  68     -1       74
  MINIMUM         48    538 AM  32    1954  50     -2       59
  AVERAGE         58                        59     -1       67

PRECIPITATION (IN)
  YESTERDAY        0.06                      0.11  -0.05     0.36
  MONTH TO DATE    4.56                      2.29   2.27     3.57
  SINCE MAR 1     12.82                      8.57   4.25    11.04
  SINCE JAN 1     19.24                     13.91   5.33    18.46

SNOWFALL (IN)
  YESTERDAY       MM                         0.0   MM        0.0
  MONTH TO DATE    0.0                       0.0    0.0      0.0
  SINCE MAR 1     42.0                      16.9   25.1     10.3
  SINCE JUL 1    198.5                     100.9   97.6     78.6
  SNOW DEPTH       0

DEGREE DAYS
 HEATING
  YESTERDAY        7                         7      0        0
  MONTH TO DATE   98                       209   -111      247
  SINCE MAR 1   1821                      1663    158     1523
  SINCE JUL 1   5999                      6028    -29     5027

 COOLING
  YESTERDAY        0                         1     -1        2
  MONTH TO DATE   21                        16      5       29
  SINCE MAR 1     21                        23     -2       38
  SINCE JAN 1     23                        23      0       38
..................................................................


WIND (MPH)
  HIGHEST WIND SPEED    15   HIGHEST WIND DIRECTION    NE (30)
  HIGHEST GUST SPEED    20   HIGHEST GUST DIRECTION    NE (50)
  AVERAGE WIND SPEED     6.1


SKY COVER
  POSSIBLE SUNSHINE  MM
  AVERAGE SKY COVER 0.2


WEATHER CONDITIONS
 THE FOLLOWING WEATHER WAS RECORDED YESTERDAY.
  LIGHT RAIN
  FOG


RELATIVE HUMIDITY (PERCENT)
 HIGHEST    93           300 AM
 LOWEST     42           700 PM
 AVERAGE    68

..........................................................


THE ERIE PA CLIMATE NORMALS FOR TODAY
                         NORMAL    RECORD    YEAR
 MAXIMUM TEMPERATURE (F)   68        87      2013
                                             1902
 MINIMUM TEMPERATURE (F)   50        35      2006


SUNRISE AND SUNSET
MAY 22 2018...........SUNRISE   554 AM EDT   SUNSET   842 PM EDT
MAY 23 2018...........SUNRISE   553 AM EDT   SUNSET   843 PM EDT


-  INDICATES NEGATIVE NUMBERS.
R  INDICATES RECORD WAS SET OR TIED.
MM INDICATES DATA IS MISSING.
T  INDICATES TRACE AMOUNT.




$$
