000
CDUS42 KMHX 200526
CLIEWN


CLIMATE REPORT
NATIONAL WEATHER SERVICE NEWPORT/MOREHEAD CITY NC
126 AM EDT SUN MAY 20 2018


...................................

...THE NEW BERN NC CLIMATE SUMMARY FOR MAY 19 2018...

CLIMATE NORMAL PERIOD 1981 TO 2010
CLIMATE RECORD PERIOD 1948 TO 2018


WEATHER ITEM   OBSERVED TIME   RECORD YEAR NORMAL DEPARTURE LAST
                VALUE   (LST)  VALUE       VALUE  FROM      YEAR
                                                  NORMAL
..................................................................
TEMPERATURE (F)
 YESTERDAY
  MAXIMUM         80   1055 AM  96    1962  81     -1       87
  MINIMUM         68    609 PM  45    1976  60      8       66
  AVERAGE         74                        70      4       77

PRECIPITATION (IN)
  YESTERDAY        1.33R         1.09 2003   0.14   1.19     0.00
  MONTH TO DATE    3.66                      2.43   1.23     1.91
  SINCE MAR 1     11.77                      9.99   1.78    10.31
  SINCE JAN 1     18.18                     17.67   0.51    16.53

SNOWFALL (IN)
  YESTERDAY        0.0
  MONTH TO DATE    0.0
  SINCE NOV 1      6.0
  SINCE JUL 1      6.0
  SNOW DEPTH       0

DEGREE DAYS
 HEATING
  YESTERDAY        0                         1     -1        0
  MONTH TO DATE   10                        28    -18       28
  SINCE MAR 1    743                       549    194      494
  SINCE JUL 1   2912                      2695    217     2234

 COOLING
  YESTERDAY        9                         6      3       12
  MONTH TO DATE  130                        84     46       93
  SINCE MAR 1    149                       151     -2      235
  SINCE JAN 1    191                       154     37      241
..................................................................


WIND (MPH)
  HIGHEST WIND SPEED    23   HIGHEST WIND DIRECTION    SW (240)
  HIGHEST GUST SPEED    33   HIGHEST GUST DIRECTION    SW (240)
  AVERAGE WIND SPEED     9.2


SKY COVER
  POSSIBLE SUNSHINE  MM
  AVERAGE SKY COVER 0.7


WEATHER CONDITIONS
 THE FOLLOWING WEATHER WAS RECORDED YESTERDAY.
  HEAVY RAIN
  RAIN
  LIGHT RAIN
  FOG
  FOG W/VISIBILITY <= 1/4 MILE
  HAZE


RELATIVE HUMIDITY (PERCENT)
 HIGHEST   100           100 AM
 LOWEST     69          1100 AM
 AVERAGE    85

..........................................................


THE NEW BERN NC CLIMATE NORMALS FOR TODAY
                         NORMAL    RECORD    YEAR
 MAXIMUM TEMPERATURE (F)   81        95      1964
 MINIMUM TEMPERATURE (F)   60        48      2014
                                             2002


SUNRISE AND SUNSET
MAY 20 2018...........SUNRISE   601 AM EDT   SUNSET   809 PM EDT
MAY 21 2018...........SUNRISE   600 AM EDT   SUNSET   810 PM EDT


-  INDICATES NEGATIVE NUMBERS.
R  INDICATES RECORD WAS SET OR TIED.
MM INDICATES DATA IS MISSING.
T  INDICATES TRACE AMOUNT.




$$
