000
CDUS42 KKEY 210538
CLIEYW


CLIMATE REPORT
NATIONAL WEATHER SERVICE KEY WEST, FL
135 AM EDT SAT APR 21 2018


...................................

...THE KEY WEST CLIMATE SUMMARY FOR APRIL 20 2018...

CLIMATE NORMAL PERIOD 1981 TO 2010
CLIMATE RECORD PERIOD 1871 TO 2018


WEATHER ITEM   OBSERVED TIME   RECORD YEAR NORMAL DEPARTURE LAST
                VALUE   (LST)  VALUE       VALUE  FROM      YEAR
                                                  NORMAL
..................................................................
TEMPERATURE (F)
 YESTERDAY
  MAXIMUM         83   1258 PM  89    1877  82      1       81
  MINIMUM         70    536 AM  61    1997  72     -2       75
  AVERAGE         77                        77      0       78

PRECIPITATION (IN)
  YESTERDAY        0.00          2.60 1930   0.08  -0.08      T
  MONTH TO DATE    0.17                      1.41  -1.24     2.57
  SINCE MAR 1      2.29                      3.46  -1.17     3.50
  SINCE JAN 1      3.53                      6.99  -3.46     6.55

SNOWFALL (IN)
  YESTERDAY        0.0
  MONTH TO DATE    0.0
  SINCE MAR 1      0.0
  SINCE JUL 1      0.0
  SNOW DEPTH       0

DEGREE DAYS
 HEATING
  YESTERDAY        0                         0      0        0
  MONTH TO DATE    0                         0      0        0
  SINCE MAR 1      2                         7     -5        0
  SINCE JUL 1     44                        73    -29        5

 COOLING
  YESTERDAY       12                        12      0       13
  MONTH TO DATE  264                       217     47      250
  SINCE MAR 1    496                       479     17      556
  SINCE JAN 1    949                       827    122     1096
..................................................................


WIND (MPH)
  HIGHEST WIND SPEED    14   HIGHEST WIND DIRECTION     N (350)
  HIGHEST GUST SPEED    18   HIGHEST GUST DIRECTION     N (340)
  AVERAGE WIND SPEED     5.1


SKY COVER
  POSSIBLE SUNSHINE  MM
  AVERAGE SKY COVER 0.1


WEATHER CONDITIONS
 THE FOLLOWING WEATHER WAS RECORDED YESTERDAY.
  NO SIGNIFICANT WEATHER WAS OBSERVED.


RELATIVE HUMIDITY (PERCENT)
 HIGHEST    84
 LOWEST     62
 AVERAGE    73

..........................................................


THE KEY WEST CLIMATE NORMALS FOR TODAY
                         NORMAL    RECORD    YEAR
 MAXIMUM TEMPERATURE (F)   82        89      1884
 MINIMUM TEMPERATURE (F)   72        63      1987


SUNRISE AND SUNSET
APRIL 21 2018.........SUNRISE   700 AM EDT   SUNSET   752 PM EDT
APRIL 22 2018.........SUNRISE   659 AM EDT   SUNSET   752 PM EDT


-  INDICATES NEGATIVE NUMBERS.
R  INDICATES RECORD WAS SET OR TIED.
MM INDICATES DATA IS MISSING.
T  INDICATES TRACE AMOUNT.




$$

BS
