000
CDUS45 KFGZ 220740
CLIFLG


CLIMATE REPORT
NATIONAL WEATHER SERVICE FLAGSTAFF, AZ
1240 AM MST SUN APR 22 2018


...................................

...THE FLAGSTAFF AZ AIRPORT CLIMATE SUMMARY FOR APRIL 21 2018...

CLIMATE NORMAL PERIOD 1981 TO 2010
CLIMATE RECORD PERIOD 1898 TO 2018


WEATHER ITEM   OBSERVED TIME   RECORD YEAR NORMAL DEPARTURE LAST
                VALUE   (LST)  VALUE       VALUE  FROM      YEAR
                                                  NORMAL
..................................................................
TEMPERATURE (F)
 YESTERDAY
  MAXIMUM         66    420 PM  78    1989  60      6       70
  MINIMUM         22    554 AM  12    1972  30     -8       34
  AVERAGE         44                        45     -1

PRECIPITATION (IN)
  YESTERDAY        0.00          1.70 1985   0.03  -0.03     0.00
  MONTH TO DATE    0.06                      0.89  -0.83     0.17
  SINCE SEP 1      5.50                     14.89  -9.39    17.46
  SINCE JAN 1      5.07                      7.22  -2.15     8.85

SNOWFALL (IN)
  YESTERDAY        0.0          11.1  1988   0.2   -0.2      0.0
  MONTH TO DATE    0.0                       5.4   -5.4      1.7
  SINCE JUL 1     37.4                      99.3  -61.9     95.5
  SNOW DEPTH       0

DEGREE DAYS
 HEATING
  YESTERDAY       21                        20      1       13
  MONTH TO DATE  397                       480    -83      423
  SINCE JUL 1   5373                      6187   -814     5614

 COOLING
  YESTERDAY        0                         0      0        0
  MONTH TO DATE    0                         0      0        0
  SINCE JAN 1      0                         0      0        0
..................................................................


WIND (MPH)
  HIGHEST WIND SPEED    15   HIGHEST WIND DIRECTION     E (70)
  HIGHEST GUST SPEED    21   HIGHEST GUST DIRECTION     E (70)
  AVERAGE WIND SPEED     4.5


SKY COVER
  POSSIBLE SUNSHINE  MM
  AVERAGE SKY COVER 0.0


WEATHER CONDITIONS
 THE FOLLOWING WEATHER WAS RECORDED YESTERDAY.
  NO SIGNIFICANT WEATHER WAS OBSERVED.


RELATIVE HUMIDITY (PERCENT)
 HIGHEST    96           500 AM
 LOWEST     18           400 PM
 AVERAGE    57

..........................................................


THE FLAGSTAFF AZ AIRPORT CLIMATE NORMALS FOR TODAY
                         NORMAL    RECORD    YEAR
 MAXIMUM TEMPERATURE (F)   60        78      2012
 MINIMUM TEMPERATURE (F)   30        11      1963


SUNRISE AND SUNSET
APRIL 22 2018.........SUNRISE   546 AM MST   SUNSET   705 PM MST
APRIL 23 2018.........SUNRISE   545 AM MST   SUNSET   706 PM MST


-  INDICATES NEGATIVE NUMBERS.
R  INDICATES RECORD WAS SET OR TIED.
MM INDICATES DATA IS MISSING.
T  INDICATES TRACE AMOUNT.




$$
