000
CDUS42 KTBW 202126
CLIFMY


CLIMATE REPORT
NATIONAL WEATHER SERVICE TAMPA BAY FL
522 PM EDT SUN MAY 20 2018


...................................

...THE FORT MYERS CLIMATE SUMMARY FOR MAY 20 2018...
VALID TODAY AS OF 0500 PM LOCAL TIME.

CLIMATE NORMAL PERIOD 1981 TO 2010
CLIMATE RECORD PERIOD 1902 TO 2018


WEATHER ITEM   OBSERVED TIME   RECORD YEAR NORMAL DEPARTURE LAST
                VALUE   (LST)  VALUE       VALUE  FROM      YEAR
                                                  NORMAL
..................................................................
TEMPERATURE (F)
 TODAY
  MAXIMUM         81   1213 PM  97    2017  90     -9       97
  MINIMUM         71    412 AM  55    1917  70      1       74
  AVERAGE         76                        80     -4       86

PRECIPITATION (IN)
  TODAY            0.14          1.66 1932   0.09   0.05     0.02
  MONTH TO DATE    3.46                      1.28   2.18     0.39
  SINCE MAR 1      4.95                      6.34  -1.39     3.17
  SINCE JAN 1      6.99                     10.43  -3.44     5.42

DEGREE DAYS
 HEATING
  TODAY            0                         0      0        0
  MONTH TO DATE    0                         0      0        0
  SINCE MAR 1     22                        27     -5       11
  SINCE JUL 1    208                       287    -79       76

 COOLING
  TODAY           11                        15     -4       21
  MONTH TO DATE  285                       262     23      300
  SINCE MAR 1    794                       707     87      748
  SINCE JAN 1   1158                       892    266     1090
..................................................................


WIND (MPH)
  RESULTANT WIND SPEED   6   RESULTANT WIND DIRECTION  SE (120)
  HIGHEST WIND SPEED    22   HIGHEST WIND DIRECTION    SE (150)
  HIGHEST GUST SPEED    29   HIGHEST GUST DIRECTION     S (160)
  AVERAGE WIND SPEED     6.3


SKY COVER
  POSSIBLE SUNSHINE  MM
  AVERAGE SKY COVER 0.8


WEATHER CONDITIONS
 THE FOLLOWING WEATHER WAS RECORDED TODAY.
  THUNDERSTORM
  RAIN
  LIGHT RAIN
  FOG
  HAZE


RELATIVE HUMIDITY (PERCENT)
 HIGHEST   100           600 AM
 LOWEST     79          1200 PM

..........................................................


THE FORT MYERS CLIMATE NORMALS FOR TOMORROW
                         NORMAL    RECORD    YEAR
 MAXIMUM TEMPERATURE (F)   90        96      1998
 MINIMUM TEMPERATURE (F)   70        54      1917


SUNRISE AND SUNSET
MAY 20 2018...........SUNRISE   638 AM EDT   SUNSET   810 PM EDT
MAY 21 2018...........SUNRISE   638 AM EDT   SUNSET   811 PM EDT


-  INDICATES NEGATIVE NUMBERS.
R  INDICATES RECORD WAS SET OR TIED.
MM INDICATES DATA IS MISSING.
T  INDICATES TRACE AMOUNT.




$$


&&
------------------------------------------------------------------
******************** SUPPLEMENTAL DATA ***************************

...GULF WATER TEMPERATURE AT FORT MYERS BEACH 81 DEGREES
