000
CDUS44 KTSA 250802
CLIFSM

CLIMATE REPORT
NATIONAL WEATHER SERVICE TULSA OK
301 AM CDT WED APR 25 2018


...................................

...THE FORT SMITH ARKANSAS CLIMATE SUMMARY FOR APRIL 24 2018...

CLIMATE NORMAL PERIOD 1981 TO 2010
CLIMATE RECORD PERIOD 1882 TO 2018


WEATHER ITEM   OBSERVED TIME   RECORD YEAR NORMAL DEPARTURE LAST
                VALUE   (LST)  VALUE       VALUE  FROM      YEAR
                                                  NORMAL
..................................................................
TEMPERATURE (F)
 YESTERDAY
  MAXIMUM         82    417 PM  90    1989  76      6       80
                                      1965
  MINIMUM         49    508 AM  36    2005  52     -3       44
                                      1887
  AVERAGE         66                        64      2       62

PRECIPITATION (IN)
  YESTERDAY        0.00          2.47 1942   0.15  -0.15     0.00
  MONTH TO DATE    3.36                      3.33   0.03     3.83
  SINCE MAR 1      6.43                      7.18  -0.75     7.58
  SINCE JAN 1     15.69                     12.75   2.94    12.40

SNOWFALL (IN)
  YESTERDAY        0.0                                       0.0
  MONTH TO DATE    0.0                                       0.0
  SINCE MAR 1      0.0                                       0.0
  SINCE JUL 1      T                                         2.0

DEGREE DAYS
 HEATING
  YESTERDAY        0                         3     -3        3
  MONTH TO DATE  239                       139    100       52
  SINCE MAR 1    551                       525     26      313
  SINCE JUL 1   3026                      3198   -172     2222

 COOLING
  YESTERDAY        1                         2     -1        0
  MONTH TO DATE    8                        38    -30       70
  SINCE MAR 1     14                        49    -35      104
  SINCE JAN 1     16                        50    -34      120
..................................................................


WIND (MPH)
  HIGHEST WIND SPEED    16   HIGHEST WIND DIRECTION     N (10)
  HIGHEST GUST SPEED    21   HIGHEST GUST DIRECTION    NW (330)
  AVERAGE WIND SPEED     6.8


SKY COVER
  POSSIBLE SUNSHINE  MM
  AVERAGE SKY COVER 0.0


WEATHER CONDITIONS
 THE FOLLOWING WEATHER WAS RECORDED YESTERDAY.
  NO SIGNIFICANT WEATHER WAS OBSERVED.


RELATIVE HUMIDITY (PERCENT)
 HIGHEST    93           400 AM
 LOWEST     20           400 PM
 AVERAGE    57

..........................................................


THE FORT SMITH ARKANSAS CLIMATE NORMALS FOR TODAY
                         NORMAL    RECORD    YEAR
 MAXIMUM TEMPERATURE (F)   76        89      2012
 MINIMUM TEMPERATURE (F)   53        35      1910


SUNRISE AND SUNSET
APRIL 25 2018.........SUNRISE   633 AM CDT   SUNSET   759 PM CDT
APRIL 26 2018.........SUNRISE   632 AM CDT   SUNSET   759 PM CDT


-  INDICATES NEGATIVE NUMBERS.
R  INDICATES RECORD WAS SET OR TIED.
MM INDICATES DATA IS MISSING.
T  INDICATES TRACE AMOUNT.




$$

&&
...........................................................

THE ARKANSAS RIVER AT VAN BUREN

                   OBSERVED      24 HOUR     24 HOUR
                    VALUE        CHANGE      FORECAST

 STAGE (FEET)
  THIS MORNING       19.7         +0.1

 MEAN FLOW (CFS)
  TODAY                                        824
...........................................................
ALL DATA MEASURED AT THE FORT SMITH REGIONAL AIRPORT
