000
CDUS46 KSGX 191130
CLIFUL


CLIMATE REPORT
NATIONAL WEATHER SERVICE SAN DIEGO, CA
430 AM PDT THU APR 19 2018


...................................

...THE FULLERTON AIRPORT CA CLIMATE SUMMARY FOR APRIL 18 2018...

CLIMATE NORMAL PERIOD 1981 TO 2010
CLIMATE RECORD PERIOD 1998 TO 2018


WEATHER ITEM   OBSERVED TIME   RECORD YEAR NORMAL DEPARTURE LAST
                VALUE   (LST)  VALUE       VALUE  FROM      YEAR
                                                  NORMAL
..................................................................
TEMPERATURE (F)
 YESTERDAY
  MAXIMUM         73   1250 PM  91    2016  73      0       78
  MINIMUM         45R   549 PM  48    2006  53     -8       61
  AVERAGE         59                        63     -4       70

PRECIPITATION (IN)
  YESTERDAY        0.00          0.00   MM   0.04  -0.04     0.00
  MONTH TO DATE    0.00                      0.51  -0.51     0.03
  SINCE OCT 1      3.05                     12.85  -9.80    16.37
  SINCE JAN 1      2.97                      8.95  -5.98    10.46

DEGREE DAYS
 HEATING
  YESTERDAY        6                         3      3        0
  MONTH TO DATE   22                        71    -49       15
  SINCE MAR 1    154                       241    -87       72
  SINCE JUL 1    604                      1163   -559      769

 COOLING
  YESTERDAY        0                         1     -1        5
  MONTH TO DATE   37                        15     22       24
  SINCE MAR 1     40                        28     12       62
  SINCE JAN 1     77                        37     40       65
..................................................................


WIND (MPH)
  RESULTANT WIND SPEED   3   RESULTANT WIND DIRECTION   S (170)
  HIGHEST WIND SPEED    12   HIGHEST WIND DIRECTION     S (170)
  HIGHEST GUST SPEED    18   HIGHEST GUST DIRECTION     S (200)
  AVERAGE WIND SPEED     4.9


SKY COVER
  POSSIBLE SUNSHINE  MM
  AVERAGE SKY COVER 0.0


WEATHER CONDITIONS
 THE FOLLOWING WEATHER WAS RECORDED YESTERDAY.
  NO SIGNIFICANT WEATHER WAS OBSERVED.


RELATIVE HUMIDITY (PERCENT)
 HIGHEST    56           500 AM
 LOWEST     27           400 PM
 AVERAGE    42

..........................................................


THE FULLERTON AIRPORT CA CLIMATE NORMALS FOR TODAY
                         NORMAL    RECORD    YEAR
 MAXIMUM TEMPERATURE (F)   73       100      2009
 MINIMUM TEMPERATURE (F)   53        46      2007


SUNRISE AND SUNSET
APRIL 19 2018.........SUNRISE   616 AM PDT   SUNSET   726 PM PDT
APRIL 20 2018.........SUNRISE   615 AM PDT   SUNSET   727 PM PDT


-  INDICATES NEGATIVE NUMBERS.
R  INDICATES RECORD WAS SET OR TIED.
MM INDICATES DATA IS MISSING.
T  INDICATES TRACE AMOUNT.




$$
