000
CDUS43 KIWX 270522
CLIFWA


CLIMATE REPORT
NATIONAL WEATHER SERVICE NORTHERN INDIANA
122 AM EDT SUN MAY 27 2018


...................................

...THE FORT WAYNE CLIMATE SUMMARY FOR MAY 26 2018...

CLIMATE NORMAL PERIOD 1981 TO 2010
CLIMATE RECORD PERIOD 1897 TO 2018


WEATHER ITEM   OBSERVED TIME   RECORD YEAR NORMAL DEPARTURE LAST
                VALUE   (LST)  VALUE       VALUE  FROM      YEAR
                                                  NORMAL
..................................................................
TEMPERATURE (F)
 YESTERDAY
  MAXIMUM         86    429 PM  97    1911  75     11       72
  MINIMUM         69    635 AM  35    1961  53     16       52
  AVERAGE         78                        64     14       62

PRECIPITATION (IN)
  YESTERDAY        T             1.98 1913   0.16  -0.16     0.83
  MONTH TO DATE    2.60                      3.44  -0.84     8.33
  SINCE MAR 1      7.69                      9.67  -1.98    16.09
  SINCE JAN 1     13.31                     13.97  -0.66    22.56

SNOWFALL (IN)
  YESTERDAY        0.0           0.0  2002   0.0    0.0      0.0
                                      2001
  MONTH TO DATE    0.0                       0.0    0.0      0.0
  SINCE MAR 1      4.5                       5.1   -0.6      3.4
  SINCE JUL 1     32.7                      33.5   -0.8     18.5
  SNOW DEPTH       0

DEGREE DAYS
 HEATING
  YESTERDAY        0                         4     -4        3
  MONTH TO DATE   35                       175   -140      196
  SINCE MAR 1   1541                      1459     82     1285
  SINCE JUL 1   5869                      6057   -188     4979

 COOLING
  YESTERDAY       13                         3     10        0
  MONTH TO DATE   68                        34     34       35
  SINCE MAR 1     69                        42     27       55
  SINCE JAN 1     69                        42     27       55
..................................................................


WIND (MPH)
  HIGHEST WIND SPEED    13   HIGHEST WIND DIRECTION     W (260)
  HIGHEST GUST SPEED    17   HIGHEST GUST DIRECTION    SW (230)
  AVERAGE WIND SPEED     5.7


SKY COVER
  AVERAGE SKY COVER 0.7


WEATHER CONDITIONS
 THE FOLLOWING WEATHER WAS RECORDED YESTERDAY.
  THUNDERSTORM
  LIGHT RAIN


RELATIVE HUMIDITY (PERCENT)
 HIGHEST    84           600 AM
 LOWEST     51           500 PM
 AVERAGE    68

..........................................................


THE FORT WAYNE CLIMATE NORMALS FOR TODAY
                         NORMAL    RECORD    YEAR
 MAXIMUM TEMPERATURE (F)   75        99      1911
 MINIMUM TEMPERATURE (F)   53        31      1961


SUNRISE AND SUNSET
MAY 27 2018...........SUNRISE   614 AM EDT   SUNSET   903 PM EDT
MAY 28 2018...........SUNRISE   613 AM EDT   SUNSET   904 PM EDT


-  INDICATES NEGATIVE NUMBERS.
R  INDICATES RECORD WAS SET OR TIED.
MM INDICATES DATA IS MISSING.
T  INDICATES TRACE AMOUNT.




$$
