044
CDUS44 KTSA 210808 RRA
CLIFYV

CLIMATE REPORT
NATIONAL WEATHER SERVICE TULSA OK
308 AM CDT MON MAY 21 2018


...................................

...THE FAYETTEVILLE ARKANSAS CLIMATE SUMMARY FOR MAY 20 2018...

CLIMATE NORMAL PERIOD 1981 TO 2010
CLIMATE RECORD PERIOD 1905 TO 2018


WEATHER ITEM   OBSERVED TIME   RECORD YEAR NORMAL DEPARTURE LAST
                VALUE   (LST)  VALUE       VALUE  FROM      YEAR
                                                  NORMAL
..................................................................
TEMPERATURE (F)
 YESTERDAY
  MAXIMUM         84    231 PM  89    2006  77      7       69
                                      2005
                                      1998
  MINIMUM         64   1159 PM  37    1954  55      9       51
  AVERAGE         74                        66      8       60

PRECIPITATION (IN)
  YESTERDAY        0.15                      0.20  -0.05     1.17
  MONTH TO DATE    4.04                      3.95   0.09     4.65
  SINCE MAR 1     10.98                     12.47  -1.49    23.46
  SINCE JAN 1     20.60                     18.12   2.48    26.96

DEGREE DAYS
 COOLING
  YESTERDAY        9                         3      6        0
  MONTH TO DATE  121                        40     81       33
  SINCE MAR 1    129                        68     61       65
  SINCE JAN 1    132                        68     64       70
..................................................................


WIND (MPH)
  HIGHEST WIND SPEED    20   HIGHEST WIND DIRECTION     W (280)
  HIGHEST GUST SPEED    27   HIGHEST GUST DIRECTION     W (270)
  AVERAGE WIND SPEED     6.3


SKY COVER
  POSSIBLE SUNSHINE  MM
  AVERAGE SKY COVER 0.2


WEATHER CONDITIONS
 THE FOLLOWING WEATHER WAS RECORDED YESTERDAY.
  THUNDERSTORM
  LIGHT RAIN
  FOG


RELATIVE HUMIDITY (PERCENT)
 HIGHEST   100           900 PM
 LOWEST     51           400 PM
 AVERAGE    76

..........................................................


THE FAYETTEVILLE ARKANSAS CLIMATE NORMALS FOR TODAY
                         NORMAL    RECORD    YEAR
 MAXIMUM TEMPERATURE (F)   77        89      1998
 MINIMUM TEMPERATURE (F)   55        39      1968


SUNRISE AND SUNSET
MAY 21 2018...........SUNRISE   607 AM CDT   SUNSET   820 PM CDT
MAY 22 2018...........SUNRISE   606 AM CDT   SUNSET   821 PM CDT


-  INDICATES NEGATIVE NUMBERS.
R  INDICATES RECORD WAS SET OR TIED.
MM INDICATES DATA IS MISSING.
T  INDICATES TRACE AMOUNT.




$$
