000
CDUS43 KUNR 260831
CLIGCC


CLIMATE REPORT
NATIONAL WEATHER SERVICE RAPID CITY SD
231 AM MDT THU APR 26 2018


...................................

...THE GILLETTE AIRPORT WY CLIMATE SUMMARY FOR APRIL 25 2018...

CLIMATE NORMAL PERIOD 1981 TO 2010
CLIMATE RECORD PERIOD 9999 TO 9999


WEATHER ITEM   OBSERVED TIME   NORMAL DEPARTURE LAST
                VALUE   (LST)  VALUE  FROM      YEAR
                                      NORMAL
......................................................
TEMPERATURE (F)
 YESTERDAY
  MAXIMUM         73    339 PM  59     14       43
  MINIMUM         28    250 AM  33     -5       26
  AVERAGE         51            46      5       35

PRECIPITATION (IN)
  YESTERDAY        0.00          0.07  -0.07     0.73
  MONTH TO DATE    0.94          1.10  -0.16     2.74
  SINCE MAR 1      2.80          2.06   0.74     3.53
  SINCE JAN 1      4.59          2.84   1.75     4.37

DEGREE DAYS
 HEATING
  YESTERDAY       14            19     -5       30
  MONTH TO DATE  643           578     65      495
  SINCE MAR 1   1547          1517     30     1200
  SINCE JUL 1   7031          6925    106     5957

 COOLING
  YESTERDAY        0             0      0        0
  MONTH TO DATE    0             0      0        0
  SINCE MAR 1      0             0      0        0
  SINCE JAN 1      0             0      0        0
......................................................


WIND (MPH)
  HIGHEST WIND SPEED    30   HIGHEST WIND DIRECTION     N (340)
  HIGHEST GUST SPEED    36   HIGHEST GUST DIRECTION     N (360)
  AVERAGE WIND SPEED    16.4


SKY COVER
  AVERAGE SKY COVER 0.0


WEATHER CONDITIONS
 THE FOLLOWING WEATHER WAS RECORDED YESTERDAY.
  NO SIGNIFICANT WEATHER WAS OBSERVED.


RELATIVE HUMIDITY (PERCENT)
 HIGHEST    78           100 AM
 LOWEST     15           100 PM
 AVERAGE    47

..........................................................




SUNRISE AND SUNSET
APRIL 26 2018.........SUNRISE   600 AM MDT   SUNSET   800 PM MDT
APRIL 27 2018.........SUNRISE   559 AM MDT   SUNSET   801 PM MDT


-  INDICATES NEGATIVE NUMBERS.
R  INDICATES RECORD WAS SET OR TIED.
MM INDICATES DATA IS MISSING.
T  INDICATES TRACE AMOUNT.




$$
