000
CDUS43 KIND 250543
CLIGEZ


CLIMATE REPORT
NATIONAL WEATHER SERVICE INDIANAPOLIS IN
142 AM EDT WED APR 25 2018


...................................

...THE SHELBYVILLE IN CLIMATE SUMMARY FOR APRIL 24 2018...

CLIMATE NORMAL PERIOD 1981 TO 2010
CLIMATE RECORD PERIOD 9999 TO 9999


WEATHER ITEM   OBSERVED TIME   NORMAL DEPARTURE LAST
                VALUE   (LST)  VALUE  FROM      YEAR
                                      NORMAL
......................................................
TEMPERATURE (F)
 YESTERDAY
  MAXIMUM         58    344 PM  66     -8       79
  MINIMUM         52    735 AM  45      7       43
  AVERAGE         55            56     -1       61

PRECIPITATION (IN)
  YESTERDAY        0.18          0.17   0.01     0.00
  MONTH TO DATE    4.54          3.23   1.31     1.28
  SINCE MAR 1      8.27          6.66   1.61     4.96
  SINCE JAN 1     16.45         11.41   5.04    10.40

DEGREE DAYS
 HEATING
  YESTERDAY       10            10      0        4
  MONTH TO DATE  436           324    112      168
  SINCE MAR 1   1221          1044    177      792
  SINCE JUL 1   5129          5207    -78     3975

 COOLING
  YESTERDAY        0             0      0        0
  MONTH TO DATE    8             0      8       40
  SINCE MAR 1      8             1      7       44
  SINCE JAN 1     13             1     12       44
......................................................


WIND (MPH)
  HIGHEST WIND SPEED    13   HIGHEST WIND DIRECTION     E (80)
  HIGHEST GUST SPEED    16   HIGHEST GUST DIRECTION     E (80)
  AVERAGE WIND SPEED     8.0


SKY COVER
  AVERAGE SKY COVER 1.0


WEATHER CONDITIONS
 THE FOLLOWING WEATHER WAS RECORDED YESTERDAY.
  LIGHT RAIN
  FOG
  HAZE


RELATIVE HUMIDITY (PERCENT)
 HIGHEST    93          1000 PM
 LOWEST     80           300 PM
 AVERAGE    87

..........................................................


THE SHELBYVILLE IN CLIMATE NORMALS FOR TODAY
                         NORMAL
 MAXIMUM TEMPERATURE (F)   67
 MINIMUM TEMPERATURE (F)   45


SUNRISE AND SUNSET
APRIL 25 2018.........SUNRISE   652 AM EDT   SUNSET   831 PM EDT
APRIL 26 2018.........SUNRISE   650 AM EDT   SUNSET   832 PM EDT


-  INDICATES NEGATIVE NUMBERS.
R  INDICATES RECORD WAS SET OR TIED.
MM INDICATES DATA IS MISSING.
T  INDICATES TRACE AMOUNT.




$$
