000
CDUS43 KFGF 200636
CLIGFK


CLIMATE REPORT
NATIONAL WEATHER SERVICE EASTERN NORTH DAKOTA/GRAND FORKS
135 AM CDT FRI APR 20 2018


...................................

...THE GRAND FORKS INTL AP ND CLIMATE SUMMARY FOR APRIL 19 2018...

CLIMATE NORMAL PERIOD 1981 TO 2010
CLIMATE RECORD PERIOD 1948 TO 2018


WEATHER ITEM   OBSERVED TIME   RECORD YEAR NORMAL DEPARTURE LAST
                VALUE   (LST)  VALUE       VALUE  FROM      YEAR
                                                  NORMAL
..................................................................
TEMPERATURE (F)
 YESTERDAY
  MAXIMUM         55    354 PM  85    1985  57     -2       53
                                      1952
  MINIMUM         27    557 AM  19    1991  32     -5       28
                                      1988
  AVERAGE         41                        44     -3       41

PRECIPITATION (IN)
  YESTERDAY        0.00          0.44 2015   0.03  -0.03     0.00
  MONTH TO DATE    0.15                      0.55  -0.40     0.66
  SINCE MAR 1      2.00                      1.51   0.49     1.51
  SINCE JAN 1      2.93                      2.58   0.35     2.36

SNOWFALL (IN)
  YESTERDAY        0.0           3.1  1970   0.1   -0.1      0.0
  MONTH TO DATE    3.0                       2.0    1.0      0.0
  SINCE MAR 1     16.9                       9.2    7.7      0.2
  SINCE JUL 1     52.4                      46.4    6.0     38.5
  SNOW DEPTH       T

DEGREE DAYS
 HEATING
  YESTERDAY       24                        21      3       24
  MONTH TO DATE  757                       493    264      368
  SINCE MAR 1   2009                      1728    281     1523
  SINCE JUL 1   8999                      8878    121     7492

 COOLING
  YESTERDAY        0                         0      0        0
  MONTH TO DATE    0                         0      0        0
  SINCE MAR 1      0                         0      0        0
  SINCE JAN 1      0                         0      0        0
..................................................................


WIND (MPH)
  HIGHEST WIND SPEED    16   HIGHEST WIND DIRECTION    SW (210)
  HIGHEST GUST SPEED    21   HIGHEST GUST DIRECTION     S (200)
  AVERAGE WIND SPEED     4.5


SKY COVER
  POSSIBLE SUNSHINE  MM
  AVERAGE SKY COVER 0.3


WEATHER CONDITIONS
 THE FOLLOWING WEATHER WAS RECORDED YESTERDAY.
  NO SIGNIFICANT WEATHER WAS OBSERVED.


RELATIVE HUMIDITY (PERCENT)
 HIGHEST   100           300 AM
 LOWEST     38          1200 PM
 AVERAGE    69

..........................................................


THE GRAND FORKS INTL AP ND CLIMATE NORMALS FOR TODAY
                         NORMAL    RECORD    YEAR
 MAXIMUM TEMPERATURE (F)   57        90      1980
 MINIMUM TEMPERATURE (F)   32        17      1981


SUNRISE AND SUNSET
APRIL 20 2018.........SUNRISE   630 AM CDT   SUNSET   826 PM CDT
APRIL 21 2018.........SUNRISE   628 AM CDT   SUNSET   828 PM CDT


-  INDICATES NEGATIVE NUMBERS.
R  INDICATES RECORD WAS SET OR TIED.
MM INDICATES DATA IS MISSING.
T  INDICATES TRACE AMOUNT.




$$
