000
CDUS44 KHGX 272118
CLIGLS


CLIMATE REPORT
NATIONAL WEATHER SERVICE HOUSTON/GALVESTON TX
417 PM CDT SUN MAY 27 2018


...................................

...THE GALVESTON CLIMATE SUMMARY FOR MAY 27 2018...
VALID TODAY AS OF 400 PM LOCAL TIME.

CLIMATE NORMAL PERIOD 1981 TO 2010
CLIMATE RECORD PERIOD 1875 TO 2018


WEATHER ITEM   OBSERVED TIME   RECORD YEAR NORMAL DEPARTURE LAST
                VALUE   (LST)  VALUE       VALUE  FROM      YEAR
                                                  NORMAL
..................................................................
TEMPERATURE (F)
 TODAY
  MAXIMUM         88    235 PM  90    1922  86      2       87
  MINIMUM         78    516 AM  57    1961  75      3       81
  AVERAGE         83                        80      3       84

PRECIPITATION (IN)
  TODAY            0.03          5.24 1874   0.24  -0.21     0.00
  MONTH TO DATE    0.73                      3.50  -2.77     3.93
  SINCE MAR 1      3.96                      9.71  -5.75     6.56
  SINCE JAN 1      8.12                     16.48  -8.36    10.83

SNOWFALL (IN)
  TODAY            0.0          MM      MM  MM     MM        0.0
  MONTH TO DATE    0.0                      MM     MM        0.0
  SINCE MAR 1      0.0                      MM     MM        0.0
  SINCE JUL 1      T                         0.0    0.0      0.0
  SNOW DEPTH       0

DEGREE DAYS
 HEATING
  TODAY            0                         0      0        0
  MONTH TO DATE    0                         0      0        0
  SINCE MAR 1     39                       121    -82       18
  SINCE JUL 1    816                      1009   -193      328

 COOLING
  TODAY           18                        15      3       19
  MONTH TO DATE  405                       331     74      371
  SINCE MAR 1    724                       557    167      877
  SINCE JAN 1    825                       574    251     1055
..................................................................


WIND (MPH)
  RESULTANT WIND SPEED   5   RESULTANT WIND DIRECTION   S (180)
  HIGHEST WIND SPEED    15   HIGHEST WIND DIRECTION    SE (140)
  HIGHEST GUST SPEED    19   HIGHEST GUST DIRECTION     S (160)
  AVERAGE WIND SPEED     6.4


SKY COVER
  AVERAGE SKY COVER 0.4


WEATHER CONDITIONS
 THE FOLLOWING WEATHER WAS RECORDED TODAY.
  THUNDERSTORM
  HEAVY RAIN
  RAIN


RELATIVE HUMIDITY (PERCENT)
 HIGHEST    91           200 AM
 LOWEST     63          1200 PM
 AVERAGE    77

..........................................................


THE GALVESTON CLIMATE NORMALS FOR TOMORROW
                         NORMAL    RECORD    YEAR
 MAXIMUM TEMPERATURE (F)   86        90      2010
                                             1958
 MINIMUM TEMPERATURE (F)   75        62      1901


SUNRISE AND SUNSET
MAY 27 2018...........SUNRISE   622 AM CDT   SUNSET   812 PM CDT
MAY 28 2018...........SUNRISE   622 AM CDT   SUNSET   812 PM CDT


-  INDICATES NEGATIVE NUMBERS.
R  INDICATES RECORD WAS SET OR TIED.
MM INDICATES DATA IS MISSING.
T  INDICATES TRACE AMOUNT.




$$
