000
CDUS46 KPQR 230231
CLIHIO


CLIMATE REPORT
NATIONAL WEATHER SERVICE PORTLAND OREGON
731 PM PDT SUN APR 22 2018


...................................

...THE HILLSBORO OR CLIMATE SUMMARY FOR APRIL 22 2018...
VALID TODAY AS OF 0700 PM LOCAL TIME.

CLIMATE NORMAL PERIOD 1981 TO 2010
CLIMATE RECORD PERIOD 1929 TO 2018


WEATHER ITEM   OBSERVED TIME   RECORD YEAR NORMAL DEPARTURE LAST
                VALUE   (LST)  VALUE       VALUE  FROM      YEAR
                                                  NORMAL
..................................................................
TEMPERATURE (F)
 TODAY
  MAXIMUM         65    429 PM  82    2012  62      3       61
  MINIMUM         37    502 AM  28    1972  40     -3       45
  AVERAGE         51                        51      0       53

PRECIPITATION (IN)
  TODAY            0.00                      0.10  -0.10     0.14
  MONTH TO DATE    2.88                      2.29   0.59     2.66
  SINCE OCT 1     25.29                     32.88  -7.59    43.47
  SINCE JAN 1     12.99                     16.49  -3.50    23.79

DEGREE DAYS
 HEATING
  TODAY           14                                        12
  MONTH TO DATE  338                                       342
  SINCE MAR 1    962                                       894
  SINCE JUL 1   4188                                      4423

 COOLING
  TODAY            0                                         0
  MONTH TO DATE    0                                         0
  SINCE MAR 1      0                                         0
  SINCE JAN 1      0                                         0
..................................................................


WIND (MPH)
  HIGHEST WIND SPEED    14   HIGHEST WIND DIRECTION     N (10)
  HIGHEST GUST SPEED    18   HIGHEST GUST DIRECTION    NE (30)
  AVERAGE WIND SPEED     5.9


SKY COVER
  POSSIBLE SUNSHINE  MM
  AVERAGE SKY COVER 0.0


WEATHER CONDITIONS
 THE FOLLOWING WEATHER WAS RECORDED TODAY.
  NO SIGNIFICANT WEATHER WAS OBSERVED.


RELATIVE HUMIDITY (PERCENT)
 HIGHEST    92           500 AM
 LOWEST     28           400 PM
 AVERAGE    60

..........................................................


THE HILLSBORO OR CLIMATE NORMALS FOR TOMORROW
                         NORMAL    RECORD    YEAR
 MAXIMUM TEMPERATURE (F)   62        82      2012
 MINIMUM TEMPERATURE (F)   40        31      1954


SUNRISE AND SUNSET
APRIL 22 2018.........SUNRISE   614 AM PDT   SUNSET   807 PM PDT
APRIL 23 2018.........SUNRISE   612 AM PDT   SUNSET   809 PM PDT


-  INDICATES NEGATIVE NUMBERS.
R  INDICATES RECORD WAS SET OR TIED.
MM INDICATES DATA IS MISSING.
T  INDICATES TRACE AMOUNT.




$$
