000
CDUS46 KHNX 250823
CLIHJO


CLIMATE REPORT
NATIONAL WEATHER SERVICE SAN JOAQUIN VALLEY, CA
122 AM PDT WED APR 25 2018


...................................

...THE HANFORD CA CLIMATE SUMMARY FOR APRIL 24 2018...

CLIMATE NORMAL PERIOD 1981 TO 2010
CLIMATE RECORD PERIOD 1998 TO 2018


WEATHER ITEM   OBSERVED TIME   RECORD YEAR NORMAL DEPARTURE
                VALUE   (LST)  VALUE       VALUE  FROM
                                                  NORMAL
...............................................................
TEMPERATURE (F)
 YESTERDAY
  MAXIMUM         94R   339 PM  90    2013  78     16
  MINIMUM         57    553 AM  42    2008  48      9
  AVERAGE         76                        63     13

PRECIPITATION (IN)
  YESTERDAY        0.00          0.01 2006   0.03  -0.03
  MONTH TO DATE    0.29                      0.64  -0.35
  SINCE OCT 1      4.70                      9.17  -4.47
  SINCE JAN 1      4.29                      6.04  -1.75

SNOWFALL (IN)
  YESTERDAY        0.0
  MONTH TO DATE    0.0
  SINCE MAR 1      0.0
  SINCE JUL 1      0.0
  SNOW DEPTH       0

DEGREE DAYS
 HEATING
  YESTERDAY        0
  MONTH TO DATE   72
  SINCE MAR 1    360
  SINCE JUL 1   2030

 COOLING
  YESTERDAY       11
  MONTH TO DATE   45
  SINCE MAR 1     53
  SINCE JAN 1     53
...............................................................


WIND (MPH)
  HIGHEST WIND SPEED    13   HIGHEST WIND DIRECTION    NW (320)
  HIGHEST GUST SPEED    18   HIGHEST GUST DIRECTION    NW (320)
  AVERAGE WIND SPEED     5.4




RELATIVE HUMIDITY (PERCENT)
 HIGHEST    77
 LOWEST     18
 AVERAGE    48

..........................................................


THE HANFORD CA CLIMATE NORMALS FOR TODAY
                         NORMAL    RECORD    YEAR
 MAXIMUM TEMPERATURE (F)   78        92      2005
 MINIMUM TEMPERATURE (F)   49        36      2009


SUNRISE AND SUNSET
APRIL 25 2018.........SUNRISE   612 AM PDT   SUNSET   741 PM PDT
APRIL 26 2018.........SUNRISE   611 AM PDT   SUNSET   742 PM PDT


-  INDICATES NEGATIVE NUMBERS.
R  INDICATES RECORD WAS SET OR TIED.
MM INDICATES DATA IS MISSING.
T  INDICATES TRACE AMOUNT.




$$
