000
CDUS43 KGLD 230051
CLIHLC

CLIMATE REPORT
NATIONAL WEATHER SERVICE GOODLAND
647 PM MDT SUN APR 22 2018

...................................

...THE HILL CITY KS CLIMATE SUMMARY FOR APRIL 22 2018...
VALID TODAY AS OF 0600 PM LOCAL TIME.

CLIMATE NORMAL PERIOD 1981 TO 2010
CLIMATE RECORD PERIOD 1896 TO 2018


WEATHER ITEM   OBSERVED TIME   RECORD YEAR NORMAL DEPARTURE LAST
                VALUE   (LST)  VALUE       VALUE  FROM      YEAR
                                                  NORMAL
..................................................................
TEMPERATURE (F)
 TODAY
  MAXIMUM         63    447 PM 101    1989  68     -5       64
  MINIMUM         40    108 AM  25    1982  40      0       37
  AVERAGE         52                        54     -2       51

PRECIPITATION (IN)
  TODAY            0.00                      0.08  -0.08     0.00
  MONTH TO DATE    0.32                      1.43  -1.11     1.11
  SINCE MAR 1      0.73                      3.06  -2.33     3.21
  SINCE JAN 1      1.55                      4.03  -2.48     4.28

..................................................................

THE HILL CITY KS CLIMATE NORMALS FOR TOMORROW
                         NORMAL    RECORD    YEAR
 MAXIMUM TEMPERATURE (F)   68        96      1939
 MINIMUM TEMPERATURE (F)   41        24      2013



-  INDICATES NEGATIVE NUMBERS.
R  INDICATES RECORD WAS SET OR TIED.
MM INDICATES DATA IS MISSING.
T  INDICATES TRACE AMOUNT.




$$
