000
CDUS41 KPBZ 230703
CLIHLG


CLIMATE REPORT
NATIONAL WEATHER SERVICE PITTSBURGH PA
302 AM EDT WED MAY 23 2018


...................................

...THE WHEELING CLIMATE SUMMARY FOR MAY 22 2018...

CLIMATE NORMAL PERIOD 1981 TO 2010
CLIMATE RECORD PERIOD 1878 TO 2018


WEATHER ITEM   OBSERVED TIME   RECORD YEAR NORMAL DEPARTURE LAST
                VALUE   (LST)  VALUE       VALUE  FROM      YEAR
                                                  NORMAL
..................................................................
TEMPERATURE (F)
 YESTERDAY
  MAXIMUM         78    501 PM  91    1941  72      6       66
  MINIMUM         62   1112 PM  31    2002  52     10       50
  AVERAGE         70                        62      8       58

PRECIPITATION (IN)
  YESTERDAY        0.55          1.76 1950   0.14   0.41     0.05
  MONTH TO DATE    3.00                      2.91   0.09     4.00
  SINCE JAN 1     20.64                     13.88   6.76    16.37

DEGREE DAYS
 HEATING
  YESTERDAY        0                         5     -5        7
  MONTH TO DATE   18                       155   -137      170
  SINCE MAR 1   1486                      1346    140     1175
  SINCE JUL 1   5466                      5513    -47     4531

 COOLING
  YESTERDAY        5                                         0
  MONTH TO DATE   83                                        30
  SINCE MAR 1     97                                        56
  SINCE JAN 1    102                                        58
..................................................................


WIND (MPH)
  HIGHEST WIND SPEED    16   HIGHEST WIND DIRECTION    SW (210)
  HIGHEST GUST SPEED    20   HIGHEST GUST DIRECTION    SW (220)
  AVERAGE WIND SPEED     6.3


SKY COVER
  POSSIBLE SUNSHINE  MM
  AVERAGE SKY COVER 0.8


WEATHER CONDITIONS
 THE FOLLOWING WEATHER WAS RECORDED YESTERDAY.
  THUNDERSTORM
  HEAVY RAIN
  RAIN
  LIGHT RAIN
  FOG
  FOG W/VISIBILITY <= 1/4 MILE


RELATIVE HUMIDITY (PERCENT)
 HIGHEST   100           300 AM
 LOWEST     69           300 PM
 AVERAGE    85

..........................................................


THE WHEELING CLIMATE NORMALS FOR TODAY
                         NORMAL    RECORD    YEAR
 MAXIMUM TEMPERATURE (F)   72        91      1925
 MINIMUM TEMPERATURE (F)   52        30      2002


SUNRISE AND SUNSET
MAY 23 2018...........SUNRISE   600 AM EDT   SUNSET   839 PM EDT
MAY 24 2018...........SUNRISE   600 AM EDT   SUNSET   840 PM EDT


-  INDICATES NEGATIVE NUMBERS.
R  INDICATES RECORD WAS SET OR TIED.
MM INDICATES DATA IS MISSING.
T  INDICATES TRACE AMOUNT.




$$
