000
CDUS44 KHGX 260724
CLIHOU


CLIMATE REPORT
NATIONAL WEATHER SERVICE HOUSTON/GALVESTON TX
223 AM CDT SAT MAY 26 2018


...................................

...THE HOUSTON/HOBBY AIRPORT CLIMATE SUMMARY FOR MAY 25 2018...

CLIMATE NORMAL PERIOD 1981 TO 2010
CLIMATE RECORD PERIOD 1930 TO 2018


WEATHER ITEM   OBSERVED TIME   RECORD YEAR NORMAL DEPARTURE LAST
                VALUE   (LST)  VALUE       VALUE  FROM      YEAR
                                                  NORMAL
..................................................................
TEMPERATURE (F)
 YESTERDAY
  MAXIMUM         89    101 PM  94    2005  87      2       87
  MINIMUM         72    526 AM  57    1931  71      1       63
  AVERAGE         81                        79      2       75

PRECIPITATION (IN)
  YESTERDAY        0.15          3.95 2015   0.18  -0.03     0.00
  MONTH TO DATE    2.66                      3.69  -1.03     1.72
  SINCE MAR 1      7.30                     10.14  -2.84    12.85
  SINCE JAN 1     14.54                     17.22  -2.68    18.97

DEGREE DAYS
 COOLING
  YESTERDAY       16                        14      2       10
  MONTH TO DATE  343                       286     57      266
  SINCE MAR 1    597                       528     69      655
  SINCE JAN 1    688                       566    122      842
..................................................................


WIND (MPH)
  HIGHEST WIND SPEED    18   HIGHEST WIND DIRECTION    SE (130)
  HIGHEST GUST SPEED    23   HIGHEST GUST DIRECTION     E (110)




RELATIVE HUMIDITY (PERCENT)
 HIGHEST   100
 LOWEST     59
 AVERAGE    80

..........................................................


THE HOUSTON/HOBBY AIRPORT CLIMATE NORMALS FOR TODAY
                         NORMAL    RECORD    YEAR
 MAXIMUM TEMPERATURE (F)   88        97      2011
 MINIMUM TEMPERATURE (F)   71        60      1979
                                             1935


SUNRISE AND SUNSET
MAY 26 2018...........SUNRISE   623 AM CDT   SUNSET   814 PM CDT
MAY 27 2018...........SUNRISE   623 AM CDT   SUNSET   814 PM CDT


-  INDICATES NEGATIVE NUMBERS.
R  INDICATES RECORD WAS SET OR TIED.
MM INDICATES DATA IS MISSING.
T  INDICATES TRACE AMOUNT.




$$
