000
CDUS42 KMHX 260547
CLIHSE


CLIMATE REPORT
NATIONAL WEATHER SERVICE NEWPORT/MOREHEAD CITY NC
147 AM EDT SAT MAY 26 2018


...................................

...THE CAPE HATTERAS NC CLIMATE SUMMARY FOR MAY 25 2018...

CLIMATE NORMAL PERIOD 1981 TO 2010
CLIMATE RECORD PERIOD 1874 TO 2018


WEATHER ITEM   OBSERVED TIME   RECORD YEAR NORMAL DEPARTURE LAST
                VALUE   (LST)  VALUE       VALUE  FROM      YEAR
                                                  NORMAL
..................................................................
TEMPERATURE (F)
 YESTERDAY
  MAXIMUM         86R  1146 AM  86    1991  76     10       79
                                      1933
  MINIMUM         64    414 AM  45    1967  63      1       67
  AVERAGE         75                        70      5       73

PRECIPITATION (IN)
  YESTERDAY        0.00          2.55 1895   0.11  -0.11     0.06
  MONTH TO DATE    8.18                      2.89   5.29     6.33
  SINCE MAR 1     16.86                     11.30   5.56    19.64
  SINCE JAN 1     27.11                     20.56   6.55    25.95

SNOWFALL (IN)
  YESTERDAY        0.0
  MONTH TO DATE    0.0
  SINCE NOV 1      3.5
  SINCE JUL 1      3.5
  SNOW DEPTH       0

DEGREE DAYS
 HEATING
  YESTERDAY        0                         1     -1        0
  MONTH TO DATE    7                        46    -39        3
  SINCE MAR 1    676                       656     20      406
  SINCE JUL 1   2287                      2580   -293     1728

 COOLING
  YESTERDAY       10                         5      5        8
  MONTH TO DATE  174                        80     94      167
  SINCE MAR 1    206                       108     98      345
  SINCE JAN 1    216                       108    108      353
..................................................................


WIND (MPH)
  HIGHEST WIND SPEED    13   HIGHEST WIND DIRECTION     S (180)
  HIGHEST GUST SPEED    16   HIGHEST GUST DIRECTION     S (190)
  AVERAGE WIND SPEED     7.8


SKY COVER
  POSSIBLE SUNSHINE  MM
  AVERAGE SKY COVER 0.1


WEATHER CONDITIONS
 THE FOLLOWING WEATHER WAS RECORDED YESTERDAY.
  NO SIGNIFICANT WEATHER WAS OBSERVED.


RELATIVE HUMIDITY (PERCENT)
 HIGHEST    87           500 AM
 LOWEST     58          1000 AM
 AVERAGE    73

..........................................................


THE CAPE HATTERAS NC CLIMATE NORMALS FOR TODAY
                         NORMAL    RECORD    YEAR
 MAXIMUM TEMPERATURE (F)   76        88      1962
 MINIMUM TEMPERATURE (F)   63        45      1967


SUNRISE AND SUNSET
MAY 26 2018...........SUNRISE   552 AM EDT   SUNSET   808 PM EDT
MAY 27 2018...........SUNRISE   551 AM EDT   SUNSET   809 PM EDT


-  INDICATES NEGATIVE NUMBERS.
R  INDICATES RECORD WAS SET OR TIED.
MM INDICATES DATA IS MISSING.
T  INDICATES TRACE AMOUNT.




$$
