000
CDUS43 KGID 242225
CLIHSI


CLIMATE REPORT
NATIONAL WEATHER SERVICE HASTINGS NE
523 PM CDT TUE APR 24 2018


...................................

...THE HASTINGS NE CLIMATE SUMMARY FOR APRIL 24 2018...
VALID TODAY AS OF 0500 PM LOCAL TIME.

CLIMATE NORMAL PERIOD 1981 TO 2010
CLIMATE RECORD PERIOD 1894 TO 2018


WEATHER ITEM   OBSERVED TIME   RECORD YEAR NORMAL DEPARTURE LAST
                VALUE   (LST)  VALUE       VALUE  FROM      YEAR
                                                  NORMAL
..................................................................
TEMPERATURE (F)
 TODAY
  MAXIMUM         54    753 AM  94    2012  66    -12       76
  MINIMUM         42    316 AM  21    1956  42      0       52
  AVERAGE         48                        54     -6       64

PRECIPITATION (IN)
  TODAY            0.27          2.57 2007   0.10   0.17     0.00
  MONTH TO DATE    1.25                      1.85  -0.60     0.77
  SINCE MAR 1      2.32                      3.64  -1.32     1.85
  SINCE JAN 1      3.34                      4.54  -1.20     2.95

SNOWFALL (IN)
  TODAY            0.0           3.0  1931   0.0    0.0      0.0
  MONTH TO DATE    6.9                       1.1    5.8      0.0
  SINCE MAR 1      7.2                       6.3    0.9      1.2
  SINCE JUL 1     27.1                      28.7   -1.6     10.3
  SNOW DEPTH       0

DEGREE DAYS
 HEATING
  TODAY           17                        12      5        1
  MONTH TO DATE  603                       370    233      243
  SINCE MAR 1   1370                      1147    223      906
  SINCE JUL 1   6088                      5777    311     4836

 COOLING
  TODAY            0                         0      0        0
  MONTH TO DATE    0                         0      0        8
  SINCE MAR 1      0                         0      0        8
  SINCE JAN 1      0                         0      0        8
..................................................................


WIND (MPH)
  HIGHEST WIND SPEED    23   HIGHEST WIND DIRECTION     N (340)
  HIGHEST GUST SPEED    31   HIGHEST GUST DIRECTION    NW (330)
  AVERAGE WIND SPEED    10.1


SKY COVER
  AVERAGE SKY COVER 0.7


WEATHER CONDITIONS
 THE FOLLOWING WEATHER WAS RECORDED TODAY.
  RAIN
  LIGHT RAIN
  FOG


RELATIVE HUMIDITY (PERCENT)
 HIGHEST   100           300 PM
 LOWEST     66          1200 AM
 AVERAGE    83

..........................................................


THE HASTINGS NE CLIMATE NORMALS FOR TOMORROW
                         NORMAL    RECORD    YEAR
 MAXIMUM TEMPERATURE (F)   66        92      1989
 MINIMUM TEMPERATURE (F)   42        27      2002


SUNRISE AND SUNSET
APRIL 24 2018.........SUNRISE   642 AM CDT   SUNSET   822 PM CDT
APRIL 25 2018.........SUNRISE   641 AM CDT   SUNSET   823 PM CDT


-  INDICATES NEGATIVE NUMBERS.
R  INDICATES RECORD WAS SET OR TIED.
MM INDICATES DATA IS MISSING.
T  INDICATES TRACE AMOUNT.




$$
