000
CDUS43 KAPX 272129
CLIHTL


CLIMATE REPORT
NATIONAL WEATHER SERVICE GAYLORD MI
528 PM EDT SUN MAY 27 2018


...................................

...THE HOUGHTON LAKE MI CLIMATE SUMMARY FOR MAY 27 2018...
VALID TODAY AS OF 0500 PM LOCAL TIME.

CLIMATE NORMAL PERIOD 1981 TO 2010
CLIMATE RECORD PERIOD 1913 TO 2018


WEATHER ITEM   OBSERVED TIME   RECORD YEAR NORMAL DEPARTURE LAST
                VALUE   (LST)  VALUE       VALUE  FROM      YEAR
                                                  NORMAL
..................................................................
TEMPERATURE (F)
 TODAY
  MAXIMUM         91R   246 PM  89    1978  70     21       75
                                      1944
  MINIMUM         58    305 AM  23    1930  45     13       48
                                      1927
  AVERAGE         75                        57     18       62

PRECIPITATION (IN)
  TODAY            0.04          1.53 2012   0.09  -0.05     0.00
  MONTH TO DATE    3.26                      2.42   0.84     2.46
  SINCE MAR 1      7.56                      6.74   0.82    10.36
  SINCE JAN 1     11.73                      9.46   2.27    15.84

DEGREE DAYS
 HEATING
  TODAY            0                         8     -8        3
  MONTH TO DATE  189                       326   -137      342
  SINCE MAR 1   2223                      2115    108     1961
  SINCE JUL 1   7776                      7987   -211     6811

 COOLING
  TODAY           10                         1      9        0
  MONTH TO DATE   31                         8     23       13
  SINCE MAR 1     31                        10     21       14
  SINCE JAN 1     31                        10     21       14
..................................................................


WIND (MPH)
  RESULTANT WIND SPEED   5   RESULTANT WIND DIRECTION   W (260)
  HIGHEST WIND SPEED    18   HIGHEST WIND DIRECTION    NW (300)
  HIGHEST GUST SPEED    25   HIGHEST GUST DIRECTION    NW (330)
  AVERAGE WIND SPEED     6.7


SKY COVER
  POSSIBLE SUNSHINE  MM
  AVERAGE SKY COVER 0.1


WEATHER CONDITIONS
 THE FOLLOWING WEATHER WAS RECORDED TODAY.
  THUNDERSTORM
  LIGHT RAIN
  FOG


RELATIVE HUMIDITY (PERCENT)
 HIGHEST   100           100 AM
 LOWEST     27           400 PM
 AVERAGE    64

..........................................................


THE HOUGHTON LAKE MI CLIMATE NORMALS FOR TOMORROW
                         NORMAL    RECORD    YEAR
 MAXIMUM TEMPERATURE (F)   70        90      1931
 MINIMUM TEMPERATURE (F)   45        27      2008
                                             1949


SUNRISE AND SUNSET
MAY 27 2018...........SUNRISE   601 AM EDT   SUNSET   912 PM EDT
MAY 28 2018...........SUNRISE   600 AM EDT   SUNSET   913 PM EDT


-  INDICATES NEGATIVE NUMBERS.
R  INDICATES RECORD WAS SET OR TIED.
MM INDICATES DATA IS MISSING.
T  INDICATES TRACE AMOUNT.




$$
