000
CDUS43 KIND 270540
CLIHUF


CLIMATE REPORT
NATIONAL WEATHER SERVICE INDIANAPOLIS IN
140 AM EDT FRI APR 27 2018


...................................

...THE TERRE HAUTE IN CLIMATE SUMMARY FOR APRIL 26 2018...

CLIMATE NORMAL PERIOD 1981 TO 2010
CLIMATE RECORD PERIOD 9999 TO 9999


WEATHER ITEM   OBSERVED TIME   NORMAL DEPARTURE LAST
                VALUE   (LST)  VALUE  FROM      YEAR
                                      NORMAL
......................................................
TEMPERATURE (F)
 YESTERDAY
  MAXIMUM         66    551 PM  68     -2       82
  MINIMUM         39    625 AM  46     -7       60
  AVERAGE         53            57     -4       71

PRECIPITATION (IN)
  YESTERDAY        0.00          0.20  -0.20     1.15
  MONTH TO DATE    4.45          3.20   1.25     3.81
  SINCE MAR 1      9.42          6.57   2.85     7.38
  SINCE JAN 1     15.27         10.86   4.41    11.72

DEGREE DAYS
 HEATING
  YESTERDAY       12             9      3        0
  MONTH TO DATE  475           333    142      189
  SINCE MAR 1   1250          1024    226      760
  SINCE JUL 1   5260          5187     73     4095

 COOLING
  YESTERDAY        0             1     -1        6
  MONTH TO DATE    4            12     -8       25
  SINCE MAR 1      4            13     -9       27
  SINCE JAN 1      4            13     -9       27
......................................................


WIND (MPH)
  HIGHEST WIND SPEED    13   HIGHEST WIND DIRECTION    NW (320)
  HIGHEST GUST SPEED    17   HIGHEST GUST DIRECTION    NW (320)
  AVERAGE WIND SPEED     4.9


SKY COVER
  AVERAGE SKY COVER 0.0


WEATHER CONDITIONS
 THE FOLLOWING WEATHER WAS RECORDED YESTERDAY.
  NO SIGNIFICANT WEATHER WAS OBSERVED.


RELATIVE HUMIDITY (PERCENT)
 HIGHEST    85           600 AM
 LOWEST     26           500 PM
 AVERAGE    56

..........................................................


THE TERRE HAUTE IN CLIMATE NORMALS FOR TODAY
                         NORMAL
 MAXIMUM TEMPERATURE (F)   68
 MINIMUM TEMPERATURE (F)   46


SUNRISE AND SUNSET
APRIL 27 2018.........SUNRISE   655 AM EDT   SUNSET   839 PM EDT
APRIL 28 2018.........SUNRISE   654 AM EDT   SUNSET   840 PM EDT


-  INDICATES NEGATIVE NUMBERS.
R  INDICATES RECORD WAS SET OR TIED.
MM INDICATES DATA IS MISSING.
T  INDICATES TRACE AMOUNT.




$$
