000
CDUS41 KCAR 250548
CLIHUL


CLIMATE REPORT
NATIONAL WEATHER SERVICE CARIBOU, ME
147 AM EDT FRI MAY 25 2018


...................................

...THE HOULTON ME CLIMATE SUMMARY FOR MAY 24 2018...

CLIMATE NORMAL PERIOD 1981 TO 2010
CLIMATE RECORD PERIOD 1948 TO 2018


WEATHER ITEM   OBSERVED TIME   RECORD YEAR NORMAL DEPARTURE LAST
                VALUE   (LST)  VALUE       VALUE  FROM      YEAR
                                                  NORMAL
..................................................................
TEMPERATURE (F)
 YESTERDAY
  MAXIMUM         65    248 PM  92    1977  67     -2       71
  MINIMUM         31    425 AM  26    1956  41    -10       38
  AVERAGE         48                        54     -6       55

PRECIPITATION (IN)
  YESTERDAY        0.05          1.91 2013   0.11  -0.06     0.00
  MONTH TO DATE    2.37                      2.54  -0.17     3.78
  SINCE MAR 1      7.82                      9.01  -1.19     9.17
  SINCE JAN 1     13.50                     13.87  -0.37    13.62

SNOWFALL (IN)
  YESTERDAY       MM             0.0  2003   0.0   MM       MM
  MONTH TO DATE   MM                         0.1   MM       MM
  SINCE MAR 1     MM                        23.9   MM       MM
  SINCE JUL 1     MM                        89.5   MM       MM
  SNOW DEPTH      MM

DEGREE DAYS
 HEATING
  YESTERDAY       17                        12      5       10
  MONTH TO DATE  341                       361    -20      347
  SINCE MAR 1   2299                      2361    -62     2375
  SINCE JUL 1   8367                      8934   -567     8336

 COOLING
  YESTERDAY        0                         0      0        0
  MONTH TO DATE    0                         0      0        6
  SINCE MAR 1      0                         0      0        6
  SINCE JAN 1      0                         0      0        6
..................................................................


WIND (MPH)
  HIGHEST WIND SPEED    17   HIGHEST WIND DIRECTION    SW (230)
  HIGHEST GUST SPEED    23   HIGHEST GUST DIRECTION    SW (210)
  AVERAGE WIND SPEED     4.3


SKY COVER
  POSSIBLE SUNSHINE  MM
  AVERAGE SKY COVER 0.5


WEATHER CONDITIONS
 THE FOLLOWING WEATHER WAS RECORDED YESTERDAY.
  LIGHT RAIN
  FOG
  FOG W/VISIBILITY <= 1/4 MILE


RELATIVE HUMIDITY (PERCENT)
 HIGHEST   100          1200 AM
 LOWEST     27           300 PM
 AVERAGE    64

..........................................................


THE HOULTON ME CLIMATE NORMALS FOR TODAY
                         NORMAL    RECORD    YEAR
 MAXIMUM TEMPERATURE (F)   67        91      2007
 MINIMUM TEMPERATURE (F)   41        24      1956


SUNRISE AND SUNSET
MAY 25 2018...........SUNRISE   449 AM EDT   SUNSET   808 PM EDT
MAY 26 2018...........SUNRISE   448 AM EDT   SUNSET   809 PM EDT


-  INDICATES NEGATIVE NUMBERS.
R  INDICATES RECORD WAS SET OR TIED.
MM INDICATES DATA IS MISSING.
T  INDICATES TRACE AMOUNT.




$$
