388
CDUS43 KUNR 230852
CLIIEN


CLIMATE REPORT
NATIONAL WEATHER SERVICE RAPID CITY SD
248 AM MDT WED MAY 23 2018


...................................

...THE PINE RIDGE SD CLIMATE SUMMARY FOR MAY 22 2018...

CLIMATE NORMAL PERIOD 1981 TO 2010
CLIMATE RECORD PERIOD 9999 TO 9999


WEATHER ITEM   OBSERVED TIME   NORMAL DEPARTURE LAST
                VALUE   (LST)  VALUE  FROM      YEAR
                                      NORMAL
......................................................
TEMPERATURE (F)
 YESTERDAY
  MAXIMUM         85    215 PM  72     13       61
  MINIMUM         48    424 AM  44      4       39
  AVERAGE         67            58      9       50

PRECIPITATION (IN)
  YESTERDAY        0.23          0.08   0.15     0.36
  MONTH TO DATE    2.44          1.80   0.64     3.77
  SINCE MAR 1      5.19          4.58   0.61     8.03
  SINCE JAN 1      6.22          5.37   0.85     9.17

DEGREE DAYS
 HEATING
  YESTERDAY        0             8     -8       15
  MONTH TO DATE  182           246    -64      233
  SINCE MAR 1   1736          1716     20     1436
  SINCE JUL 1   7040          7066    -26     6602

 COOLING
  YESTERDAY        2             1      1        0
  MONTH TO DATE   18             5     13       15
  SINCE MAR 1     19             5     14       16
  SINCE JAN 1     19             5     14       16
......................................................


WIND (MPH)
  HIGHEST WIND SPEED    21   HIGHEST WIND DIRECTION    SW (240)
  HIGHEST GUST SPEED    26   HIGHEST GUST DIRECTION     E (90)
  AVERAGE WIND SPEED     6.7


SKY COVER
  AVERAGE SKY COVER 0.1


WEATHER CONDITIONS
 THE FOLLOWING WEATHER WAS RECORDED YESTERDAY.
  THUNDERSTORM
  HEAVY RAIN
  LIGHT RAIN
  FOG


RELATIVE HUMIDITY (PERCENT)
 HIGHEST   100           100 AM
 LOWEST     32           100 PM
 AVERAGE    66

..........................................................




SUNRISE AND SUNSET
MAY 23 2018...........SUNRISE   519 AM MDT   SUNSET   815 PM MDT
MAY 24 2018...........SUNRISE   519 AM MDT   SUNSET   816 PM MDT


-  INDICATES NEGATIVE NUMBERS.
R  INDICATES RECORD WAS SET OR TIED.
MM INDICATES DATA IS MISSING.
T  INDICATES TRACE AMOUNT.




$$
