000
CDUS45 KVEF 240840
CLIIGM


CLIMATE REPORT
NATIONAL WEATHER SERVICE LAS VEGAS, NV
140 AM PDT THU MAY 24 2018


...................................

...THE KINGMAN AZ CLIMATE SUMMARY FOR MAY 23 2018...

CLIMATE NORMAL PERIOD 1981 TO 2010
CLIMATE RECORD PERIOD 1901 TO 2018


WEATHER ITEM   OBSERVED TIME   RECORD YEAR NORMAL DEPARTURE LAST
                VALUE   (LST)  VALUE       VALUE  FROM      YEAR
                                                  NORMAL
..................................................................
TEMPERATURE (F)
 YESTERDAY
  MAXIMUM         85    414 PM 100    2005  87     -2       97
  MINIMUM         53    549 AM  38    1932  55     -2       55
  AVERAGE         69                        71     -2       76

PRECIPITATION (IN)
  YESTERDAY        0.00          0.16 1941   0.01  -0.01     0.00
  MONTH TO DATE    0.00                      0.11  -0.11     0.19
  SINCE OCT 1      1.31                      5.54  -4.23     6.45
  SINCE JAN 1      1.31                      3.44  -2.13     2.89

DEGREE DAYS
 HEATING
  YESTERDAY        0                         1     -1        0
  MONTH TO DATE   29                        48    -19       85
  SINCE MAR 1    494                       681   -187      494
  SINCE JUL 1   2272                      3094   -822     2491

 COOLING
  YESTERDAY        4                         7     -3       11
  MONTH TO DATE  130                       105     25       68
  SINCE MAR 1    209                       136     73       83
  SINCE JAN 1    209                       136     73       83
..................................................................


WIND (MPH)
  RESULTANT WIND SPEED   5   RESULTANT WIND DIRECTION   S (190)
  HIGHEST WIND SPEED    22   HIGHEST WIND DIRECTION    SW (240)
  HIGHEST GUST SPEED    30   HIGHEST GUST DIRECTION    SW (240)
  AVERAGE WIND SPEED     8.4


SKY COVER
  POSSIBLE SUNSHINE  MM
  AVERAGE SKY COVER 0.0


WEATHER CONDITIONS
 THE FOLLOWING WEATHER WAS RECORDED YESTERDAY.
  NO SIGNIFICANT WEATHER WAS OBSERVED.


RELATIVE HUMIDITY (PERCENT)
 HIGHEST    41           600 AM
 LOWEST     10           400 PM
 AVERAGE    26

..........................................................


THE KINGMAN AZ CLIMATE NORMALS FOR TODAY
                         NORMAL    RECORD    YEAR
 MAXIMUM TEMPERATURE (F)   88       101      2001
 MINIMUM TEMPERATURE (F)   55        34      1909


SUNRISE AND SUNSET
MAY 24 2018...........SUNRISE   526 AM MST   SUNSET   740 PM MST
MAY 25 2018...........SUNRISE   525 AM MST   SUNSET   741 PM MST


-  INDICATES NEGATIVE NUMBERS.
R  INDICATES RECORD WAS SET OR TIED.
MM INDICATES DATA IS MISSING.
T  INDICATES TRACE AMOUNT.




$$
