970
CDUS41 KPHI 232128
CLIILG


CLIMATE REPORT
NATIONAL WEATHER SERVICE MOUNT HOLLY NJ
528 PM EDT MON APR 23 2018


...................................

...THE WILMINGTON DE CLIMATE SUMMARY FOR APRIL 23 2018...
VALID TODAY AS OF 0500 PM LOCAL TIME.

CLIMATE NORMAL PERIOD 1981 TO 2010
CLIMATE RECORD PERIOD 1894 TO 2018


WEATHER ITEM   OBSERVED TIME   RECORD YEAR NORMAL DEPARTURE LAST
                VALUE   (LST)  VALUE       VALUE  FROM      YEAR
                                                  NORMAL
..................................................................
TEMPERATURE (F)
 TODAY
  MAXIMUM         66    112 PM  89    1960  66      0       63
  MINIMUM         40    512 AM  25    1933  45     -5       44
  AVERAGE         53                        56     -3       54

PRECIPITATION (IN)
  TODAY            0.00          1.18 2005   0.12  -0.12     0.00
  MONTH TO DATE    1.68                      2.72  -1.04     1.76
  SINCE MAR 1      6.33                      6.64  -0.31     6.74
  SINCE JAN 1     14.77                     12.33   2.44    10.76

SNOWFALL (IN)
  TODAY            0.0           T    1993   0.0    0.0      0.0
  MONTH TO DATE    T                         0.3   -0.3      0.0
  SINCE MAR 1     14.2                       2.2   12.0      3.4
  SINCE JUL 1     28.0                      20.2    7.8      9.0
  SNOW DEPTH       0

DEGREE DAYS
 HEATING
  TODAY           12                        10      2       11
  MONTH TO DATE  377                       303     74      186
  SINCE MAR 1   1165                       986    179      903
  SINCE JUL 1   4525                      4609    -84     3905

 COOLING
  TODAY            0                         1     -1        0
  MONTH TO DATE    8                         3      5       10
  SINCE MAR 1      8                         4      4       10
  SINCE JAN 1      8                         4      4       10
..................................................................


WIND (MPH)
  HIGHEST WIND SPEED    21   HIGHEST WIND DIRECTION     S (170)
  HIGHEST GUST SPEED    24   HIGHEST GUST DIRECTION     S (170)
  AVERAGE WIND SPEED     6.4


SKY COVER
  POSSIBLE SUNSHINE  MM
  AVERAGE SKY COVER 0.0


WEATHER CONDITIONS
 THE FOLLOWING WEATHER WAS RECORDED TODAY.
  NO SIGNIFICANT WEATHER WAS OBSERVED.


RELATIVE HUMIDITY (PERCENT)
 HIGHEST    82           600 AM
 LOWEST     28           200 PM
 AVERAGE    55

..........................................................


THE WILMINGTON DE CLIMATE NORMALS FOR TOMORROW
                         NORMAL    RECORD    YEAR
 MAXIMUM TEMPERATURE (F)   67        84      2001
 MINIMUM TEMPERATURE (F)   46        30      1930
                                             1911


SUNRISE AND SUNSET
APRIL 23 2018.........SUNRISE   614 AM EDT   SUNSET   748 PM EDT
APRIL 24 2018.........SUNRISE   612 AM EDT   SUNSET   749 PM EDT


-  INDICATES NEGATIVE NUMBERS.
R  INDICATES RECORD WAS SET OR TIED.
MM INDICATES DATA IS MISSING.
T  INDICATES TRACE AMOUNT.




$$
