000
CDUS43 KILX 202135
CLIILX


CLIMATE REPORT
NATIONAL WEATHER SERVICE LINCOLN IL
434 PM CDT FRI APR 20 2018


...................................

...THE LINCOLN IL CLIMATE SUMMARY FOR APRIL 20 2018...
VALID TODAY AS OF 0400 PM LOCAL TIME.

CLIMATE NORMAL PERIOD 1981 TO 2010
CLIMATE RECORD PERIOD 1905 TO 2018


WEATHER ITEM   OBSERVED TIME   RECORD YEAR NORMAL DEPARTURE LAST
                VALUE   (LST)  VALUE       VALUE  FROM      YEAR
                                                  NORMAL
..................................................................
TEMPERATURE (F)
 TODAY
  MAXIMUM         62        MM  89    1936  66     -4       74
  MINIMUM         27        MM  22    1983  43    -16       49
  AVERAGE         45                        54     -9       62

PRECIPITATION (IN)
  TODAY            0.00          2.21 1964   0.13  -0.13     0.03
  MONTH TO DATE    2.37                      2.30   0.07     2.73
  SINCE MAR 1      6.64                      4.90   1.74     6.72
  SINCE JAN 1     12.16                      8.65   3.51     9.37

SNOWFALL (IN)
  TODAY            0.0           0.0    MM   0.0    0.0      0.0
  MONTH TO DATE    7.1                       0.3    6.8      0.0
  SINCE MAR 1      7.4                       2.0    5.4      3.7
  SINCE JUL 1     17.3                      20.5   -3.2     10.9
  SNOW DEPTH       0

DEGREE DAYS
 HEATING
  TODAY           20                        11      9        3
  MONTH TO DATE  505                       296    209      162
  SINCE MAR 1   1332                      1037    295      859
  SINCE JUL 1   5732                      5460    272     4467

 COOLING
  TODAY            0                         1     -1        0
  MONTH TO DATE    4                         3      1       14
  SINCE MAR 1      4                         5     -1       14
  SINCE JAN 1      4                         5     -1       14
..................................................................







THE LINCOLN IL CLIMATE NORMALS FOR TOMORROW
                         NORMAL    RECORD    YEAR
 MAXIMUM TEMPERATURE (F)   66        87      1987
 MINIMUM TEMPERATURE (F)   43        28      1982


SUNRISE AND SUNSET
APRIL 20 2018.........SUNRISE   612 AM CDT   SUNSET   741 PM CDT
APRIL 21 2018.........SUNRISE   611 AM CDT   SUNSET   742 PM CDT


-  INDICATES NEGATIVE NUMBERS.
R  INDICATES RECORD WAS SET OR TIED.
MM INDICATES DATA IS MISSING.
T  INDICATES TRACE AMOUNT.




$$
