000
CDUS41 KCTP 230612
CLIIPT


CLIMATE REPORT
NATIONAL WEATHER SERVICE STATE COLLEGE PA
212 AM EDT WED MAY 23 2018


...................................

...THE WILLIAMSPORT PA CLIMATE SUMMARY FOR MAY 22 2018...

CLIMATE NORMAL PERIOD 1981 TO 2010
CLIMATE RECORD PERIOD 1895 TO 2018


WEATHER ITEM   OBSERVED TIME   RECORD YEAR NORMAL DEPARTURE LAST
                VALUE   (LST)  VALUE       VALUE  FROM      YEAR
                                                  NORMAL
..................................................................
TEMPERATURE (F)
 YESTERDAY
  MAXIMUM         66    551 PM  95    1941  73     -7       67
  MINIMUM         58    332 AM  32    2002  50      8       55
  AVERAGE         62                        62      0       61

PRECIPITATION (IN)
  YESTERDAY        1.90R         1.77 1901   0.12   1.78     0.02
  MONTH TO DATE    6.85                      2.56   4.29     3.40
  SINCE MAR 1     12.88                      8.77   4.11    11.05
  SINCE JAN 1     20.67                     13.81   6.86    16.35

SNOWFALL (IN)
  YESTERDAY        0.0           T    1953   0.0    0.0      0.0
  MONTH TO DATE    0.0                       0.0    0.0      0.0
  SINCE MAR 1      7.8                       8.0   -0.2     22.6
  SINCE JUL 1     26.8                      36.0   -9.2     41.1
  SNOW DEPTH       0

DEGREE DAYS
 HEATING
  YESTERDAY        3                         5     -2        4
  MONTH TO DATE   72                       166    -94      170
  SINCE MAR 1   1503                      1454     49     1278
  SINCE JUL 1   5553                      5921   -368     4914

 COOLING
  YESTERDAY        0                         2     -2        0
  MONTH TO DATE   39                        18     21       29
  SINCE MAR 1     39                        23     16       44
  SINCE JAN 1     39                        23     16       44
..................................................................


WIND (MPH)
  HIGHEST WIND SPEED    14   HIGHEST WIND DIRECTION     E (100)
  HIGHEST GUST SPEED    17   HIGHEST GUST DIRECTION     E (90)
  AVERAGE WIND SPEED     4.7


SKY COVER
  POSSIBLE SUNSHINE  MM
  AVERAGE SKY COVER 0.9


WEATHER CONDITIONS
 THE FOLLOWING WEATHER WAS RECORDED YESTERDAY.
  THUNDERSTORM
  HEAVY RAIN
  RAIN
  LIGHT RAIN
  FOG


RELATIVE HUMIDITY (PERCENT)
 HIGHEST    97           600 AM
 LOWEST     78          1200 AM
 AVERAGE    88

..........................................................


THE WILLIAMSPORT PA CLIMATE NORMALS FOR TODAY
                         NORMAL    RECORD    YEAR
 MAXIMUM TEMPERATURE (F)   74        96      1925
 MINIMUM TEMPERATURE (F)   50        34      1932


SUNRISE AND SUNSET
MAY 23 2018...........SUNRISE   542 AM EDT   SUNSET   827 PM EDT
MAY 24 2018...........SUNRISE   542 AM EDT   SUNSET   828 PM EDT


-  INDICATES NEGATIVE NUMBERS.
R  INDICATES RECORD WAS SET OR TIED.
MM INDICATES DATA IS MISSING.
T  INDICATES TRACE AMOUNT.




$$
