000
CDUS43 KBIS 210746
CLIISN


CLIMATE REPORT
NATIONAL WEATHER SERVICE BISMARCK ND
245 AM CDT MON MAY 21 2018


...................................

...THE WILLISTON ND CLIMATE SUMMARY FOR MAY 20 2018...

CLIMATE NORMAL PERIOD 1981 TO 2010
CLIMATE RECORD PERIOD 1894 TO 2018


WEATHER ITEM   OBSERVED TIME   RECORD YEAR NORMAL DEPARTURE LAST
                VALUE   (LST)  VALUE       VALUE  FROM      YEAR
                                                  NORMAL
..................................................................
TEMPERATURE (F)
 YESTERDAY
  MAXIMUM         73    529 PM  98    1964  69      4       69
  MINIMUM         31    515 AM  23    1997  42    -11       35
  AVERAGE         52                        55     -3       52

PRECIPITATION (IN)
  YESTERDAY        0.00          1.00 1896   0.07  -0.07     0.00
  MONTH TO DATE    0.30                      1.13  -0.83     0.70
  SINCE MAR 1      2.54                      2.84  -0.30     2.05
  SINCE JAN 1      3.11                      3.82  -0.71     3.19

DEGREE DAYS
 HEATING
  YESTERDAY       13                        10      3       13
  MONTH TO DATE  174                       257    -83      173
  SINCE MAR 1   2308                      2014    294     1831
  SINCE JUL 1   9162                      8782    380     7853

 COOLING
  YESTERDAY        0                         0      0        0
  MONTH TO DATE    6                         0      6       22
  SINCE MAR 1      6                         1      5       22
  SINCE JAN 1      6                         1      5       22
..................................................................


WIND (MPH)
  HIGHEST WIND SPEED    21   HIGHEST WIND DIRECTION     S (160)
  HIGHEST GUST SPEED    29   HIGHEST GUST DIRECTION    SE (150)
  AVERAGE WIND SPEED     9.0


SKY COVER
  POSSIBLE SUNSHINE  MM
  AVERAGE SKY COVER 0.0


WEATHER CONDITIONS
 THE FOLLOWING WEATHER WAS RECORDED YESTERDAY.
  NO SIGNIFICANT WEATHER WAS OBSERVED.


RELATIVE HUMIDITY (PERCENT)
 HIGHEST    89           300 AM
 LOWEST     22           400 PM
 AVERAGE    56

..........................................................


THE WILLISTON ND CLIMATE NORMALS FOR TODAY
                         NORMAL    RECORD    YEAR
 MAXIMUM TEMPERATURE (F)   69       102      1980
 MINIMUM TEMPERATURE (F)   42        26      2009
                                             1931


SUNRISE AND SUNSET
MAY 21 2018...........SUNRISE   608 AM CDT   SUNSET   935 PM CDT
MAY 22 2018...........SUNRISE   607 AM CDT   SUNSET   936 PM CDT


-  INDICATES NEGATIVE NUMBERS.
R  INDICATES RECORD WAS SET OR TIED.
MM INDICATES DATA IS MISSING.
T  INDICATES TRACE AMOUNT.




$$
