000
CDCA42 TJSJ 220445
CLIISX


CLIMATE REPORT
NATIONAL WEATHER SERVICE SAN JUAN, PR
1245 AM AST SUN APR 22 2018


...................................

...THE HENRY E. ROHLSEN AP/ST CROIX CLIMATE SUMMARY FOR APRIL 21 2018...

CLIMATE NORMAL PERIOD 1981 TO 2010
CLIMATE RECORD PERIOD 1951 TO 2018


WEATHER ITEM   OBSERVED TIME   RECORD YEAR NORMAL DEPARTURE LAST
                VALUE   (LST)  VALUE       VALUE  FROM      YEAR
                                                  NORMAL
..................................................................
TEMPERATURE (F)
 YESTERDAY
  MAXIMUM         88        MM  93    1961  86      2       84
  MINIMUM         76    500 AM  66    2011  75      1       72
  AVERAGE         82                        80      2       78

PRECIPITATION (IN)
  YESTERDAY        0.00          1.26 2007   0.07  -0.07     0.22
  MONTH TO DATE    0.49                      1.33  -0.84     5.02
  SINCE MAR 1      1.53                      2.89  -1.36    11.42
  SINCE JAN 1      3.90                      6.68  -2.78    13.16

SNOWFALL (IN)
  YESTERDAY        0.0                       0.0    0.0      0.0
  MONTH TO DATE    0.0                       0.0    0.0      0.0
  SINCE MAR 1      0.0                       0.0    0.0      0.0
  SINCE JUL 1      0.0                       0.0    0.0      0.0

DEGREE DAYS
 HEATING
  YESTERDAY        0                         0      0        0
  MONTH TO DATE    0                         0      0        0
  SINCE MAR 1      0                         0      0        0
  SINCE JUL 1      0                         0      0        0

 COOLING
  YESTERDAY       17                        15      2       13
  MONTH TO DATE  293                       308    -15      296
  SINCE MAR 1    702                       728    -26      732
  SINCE JAN 1   1432                      1505    -73     1501
..................................................................


WIND (MPH)
  HIGHEST WIND SPEED    23   HIGHEST WIND DIRECTION     E (90)
  HIGHEST GUST SPEED    31   HIGHEST GUST DIRECTION     E (110)
  AVERAGE WIND SPEED    15.3


SKY COVER
  AVERAGE SKY COVER 0.3


WEATHER CONDITIONS
 THE FOLLOWING WEATHER WAS RECORDED YESTERDAY.
  NO SIGNIFICANT WEATHER WAS OBSERVED.


RELATIVE HUMIDITY (PERCENT)
 HIGHEST    94
 LOWEST     59
 AVERAGE    77

..........................................................


THE HENRY E. ROHLSEN AP/ST CROIX CLIMATE NORMALS FOR TODAY
                         NORMAL    RECORD    YEAR
 MAXIMUM TEMPERATURE (F)   86        91      1972
 MINIMUM TEMPERATURE (F)   75        63      1955


SUNRISE AND SUNSET
APRIL 22 2018.........SUNRISE   558 AM AST   SUNSET   637 PM AST
APRIL 23 2018.........SUNRISE   558 AM AST   SUNSET   638 PM AST


-  INDICATES NEGATIVE NUMBERS.
R  INDICATES RECORD WAS SET OR TIED.
MM INDICATES DATA IS MISSING.
T  INDICATES TRACE AMOUNT.




$$
