000
CDUS44 KJAN 271039
CLIJAN


CLIMATE REPORT
NATIONAL WEATHER SERVICE JACKSON MS
537 AM CDT SUN MAY 27 2018


...................................

...THE JACKSON CLIMATE SUMMARY FOR MAY 26 2018...

CLIMATE NORMAL PERIOD 1981 TO 2010
CLIMATE RECORD PERIOD 1896 TO 2018


WEATHER ITEM   OBSERVED TIME   RECORD YEAR NORMAL DEPARTURE LAST
                VALUE   (LST)  VALUE       VALUE  FROM      YEAR
                                                  NORMAL
..................................................................
TEMPERATURE (F)
 YESTERDAY
  MAXIMUM         84   1031 AM  99    1964  86     -2       88
  MINIMUM         67   1159 PM  44    1979  65      2       60
  AVERAGE         76                        75      1       74

PRECIPITATION (IN)
  YESTERDAY        T             3.80 1909   0.14  -0.14     0.00
  MONTH TO DATE    7.56                      3.66   3.90     4.31
  SINCE MAR 1     25.79                     13.66  12.13    19.29
  SINCE JAN 1     39.40                     23.39  16.01    29.50

SNOWFALL (IN)
  YESTERDAY        0.0           0.0         0.0    0.0      0.0
  MONTH TO DATE    0.0                       0.0    0.0      0.0
  SINCE MAR 1      0.0                       0.1   -0.1       T
  SINCE JUL 1      5.9                       0.8    5.1      0.8

DEGREE DAYS
 HEATING
  YESTERDAY        0                         0      0        0
  MONTH TO DATE    0                        10    -10       13
  SINCE MAR 1    380                       397    -17      210
  SINCE JUL 1   2050                      2389   -339     1328

 COOLING
  YESTERDAY       11                        10      1        9
  MONTH TO DATE  283                       186     97      160
  SINCE MAR 1    347                       294     53      384
  SINCE JAN 1    412                       304    108      442
..................................................................


WIND (MPH)
  HIGHEST WIND SPEED    15   HIGHEST WIND DIRECTION     S (180)
  HIGHEST GUST SPEED    19   HIGHEST GUST DIRECTION     S (180)
  AVERAGE WIND SPEED     4.6


SKY COVER
  POSSIBLE SUNSHINE  MM
  AVERAGE SKY COVER 0.5


WEATHER CONDITIONS
 THE FOLLOWING WEATHER WAS RECORDED YESTERDAY.
  THUNDERSTORM
  LIGHT RAIN


RELATIVE HUMIDITY (PERCENT)
 HIGHEST   100          1100 PM
 LOWEST     74          1100 AM
 AVERAGE    87

..........................................................


THE JACKSON CLIMATE NORMALS FOR TODAY
                         NORMAL    RECORD    YEAR
 MAXIMUM TEMPERATURE (F)   86        98      1953
                                             1911
 MINIMUM TEMPERATURE (F)   65        46      1961


SUNRISE AND SUNSET
MAY 27 2018...........SUNRISE   556 AM CDT   SUNSET   759 PM CDT
MAY 28 2018...........SUNRISE   556 AM CDT   SUNSET   800 PM CDT


-  INDICATES NEGATIVE NUMBERS.
R  INDICATES RECORD WAS SET OR TIED.
MM INDICATES DATA IS MISSING.
T  INDICATES TRACE AMOUNT.

&&

AT 1 AM:

THE PEARL RIVER STAGE AT JACKSON WAS 11.5 FEET. THE RIVER REMAINED
STEADY OVER THE PAST 24 HOURS.

THE MISSISSIPPI RIVER STAGE AT VICKSBURG WAS 31.6 FEET. THE RIVER
ROSE 0.5 FEET OVER THE PAST 24 HOURS.

$$

NF
