000
CDUS43 KBIS 220725
CLIJMS


CLIMATE REPORT
NATIONAL WEATHER SERVICE BISMARCK ND
224 AM CDT SUN APR 22 2018


...................................

...THE JAMESTOWN ND CLIMATE SUMMARY FOR APRIL 21 2018...

CLIMATE NORMAL PERIOD 1981 TO 2010
CLIMATE RECORD PERIOD 1891 TO 2018


WEATHER ITEM   OBSERVED TIME   RECORD YEAR NORMAL DEPARTURE LAST
                VALUE   (LST)  VALUE       VALUE  FROM      YEAR
                                                  NORMAL
..................................................................
TEMPERATURE (F)
 YESTERDAY
  MAXIMUM         62    241 PM  96    1980  58      4       61
  MINIMUM         33    613 AM  15    1936  32      1       32
  AVERAGE         48                        45      3       47

PRECIPITATION (IN)
  YESTERDAY        0.00          0.79 1964   0.04  -0.04     0.00
  MONTH TO DATE    0.02                      0.70  -0.68     1.27
  SINCE MAR 1      0.55                      1.54  -0.99     1.35
  SINCE JAN 1      0.68                      2.39  -1.71     1.77

DEGREE DAYS
 HEATING
  YESTERDAY       17                        20     -3       18
  MONTH TO DATE  795                       520    275      413
  SINCE MAR 1   2028                      1681    347     1568
  SINCE JUL 1   8739                      8440    299     7577

 COOLING
  YESTERDAY        0                         0      0        0
  MONTH TO DATE    0                         0      0        0
  SINCE MAR 1      0                         0      0        0
  SINCE JAN 1      0                         0      0        0
..................................................................


WIND (MPH)
  HIGHEST WIND SPEED    24   HIGHEST WIND DIRECTION     S (190)
  HIGHEST GUST SPEED    30   HIGHEST GUST DIRECTION     S (190)
  AVERAGE WIND SPEED    11.0


SKY COVER
  POSSIBLE SUNSHINE  MM
  AVERAGE SKY COVER 0.2


WEATHER CONDITIONS
 THE FOLLOWING WEATHER WAS RECORDED YESTERDAY.
  FOG


RELATIVE HUMIDITY (PERCENT)
 HIGHEST    96           300 AM
 LOWEST     42           400 PM
 AVERAGE    69

..........................................................


THE JAMESTOWN ND CLIMATE NORMALS FOR TODAY
                         NORMAL    RECORD    YEAR
 MAXIMUM TEMPERATURE (F)   59        91      1990
 MINIMUM TEMPERATURE (F)   33        12      1909


SUNRISE AND SUNSET
APRIL 22 2018.........SUNRISE   634 AM CDT   SUNSET   833 PM CDT
APRIL 23 2018.........SUNRISE   633 AM CDT   SUNSET   834 PM CDT


-  INDICATES NEGATIVE NUMBERS.
R  INDICATES RECORD WAS SET OR TIED.
MM INDICATES DATA IS MISSING.
T  INDICATES TRACE AMOUNT.




$$
