000
CDAK47 PAJK 201129
CLIJNU
CLIMATE REPORT
NATIONAL WEATHER SERVICE JUNEAU, AK
328 AM AKDT FRI APR 20 2018


...................................

...THE JUNEAU CLIMATE SUMMARY FOR APRIL 19 2018...

CLIMATE NORMAL PERIOD 1981 TO 2010
CLIMATE RECORD PERIOD 1936 TO 2018


WEATHER ITEM   OBSERVED RECORD YEAR NORMAL DEPARTURE LAST
                VALUE   VALUE       VALUE  FROM      YEAR
                                           NORMAL
...........................................................
TEMPERATURE (F)
 YESTERDAY
  MAXIMUM         45     62    1978  50     -5       46
  MINIMUM         38     17    1948  34      4       34
  AVERAGE         42                 42      0       40

PRECIPITATION (IN)
  YESTERDAY        0.38   1.07 2005   0.09   0.29     0.05
  MONTH TO DATE    1.01               1.88  -0.87     0.56
  SINCE JAN 1     11.59              15.14  -3.55    15.58

SNOWFALL (IN)
  YESTERDAY        0.0    3.9  1959   0.1   -0.1       T
  MONTH TO DATE    0.0                1.0   -1.0       T
  SINCE JUL 1     77.3               86.6   -9.3     65.2
  SNOW DEPTH       0

DEGREE DAYS
 HEATING
  YESTERDAY       23                 23      0       25
  MONTH TO DATE  490                487      3      434
...........................................................


WIND (MPH)
  HIGHEST WIND SPEED    36   HIGHEST WIND DIRECTION     E (110)
  HIGHEST GUST SPEED    45   HIGHEST GUST DIRECTION     E (110)
  AVERAGE WIND SPEED    16.1


SKY COVER
  AVERAGE SKY COVER 1.0


WEATHER CONDITIONS
 THE FOLLOWING WEATHER WAS RECORDED YESTERDAY.
  LIGHT RAIN
  FOG


..........................................................


THE JUNEAU CLIMATE NORMALS FOR TODAY
                         NORMAL    RECORD    YEAR
 MAXIMUM TEMPERATURE (F)   50        66      1978
 MINIMUM TEMPERATURE (F)   34        18      1965


SUNRISE AND SUNSET
APRIL 20 2018.........SUNRISE   532 AM AKDT  SUNSET   823 PM AKDT
APRIL 21 2018.........SUNRISE   530 AM AKDT  SUNSET   826 PM AKDT


-  INDICATES NEGATIVE NUMBERS.
R  INDICATES RECORD WAS SET OR TIED.
MM INDICATES DATA IS MISSING.
T  INDICATES TRACE AMOUNT.




$$
--------------------------------------------------------------

AMOUNT OF DAYLIGHT TODAY (HOUR:MIN)......... 14 HOURS 51 MINUTES
GAIN/LOSS SINCE YESTERDAY (HOUR:MIN:SEC).... +0:04:59

$$
