000
CDUS45 KVEF 230027
CLILAS


CLIMATE REPORT
NATIONAL WEATHER SERVICE LAS VEGAS, NV
526 PM PDT TUE MAY 22 2018


...................................

...THE LAS VEGAS NV CLIMATE SUMMARY FOR MAY 22 2018...
VALID TODAY AS OF 0500 PM LOCAL TIME.

CLIMATE NORMAL PERIOD 1981 TO 2010
CLIMATE RECORD PERIOD 1937 TO 2018


WEATHER ITEM   OBSERVED TIME   RECORD YEAR NORMAL DEPARTURE LAST
                VALUE   (LST)  VALUE       VALUE  FROM      YEAR
                                                  NORMAL
..................................................................
TEMPERATURE (F)
 TODAY
  MAXIMUM         87    242 PM 108    2000  91     -4       95
  MINIMUM         67    521 AM  45    1975  68     -1       75
  AVERAGE         77                        79     -2       85

PRECIPITATION (IN)
  TODAY            0.00          0.14 2015   0.00   0.00     0.00
  MONTH TO DATE    0.24                      0.08   0.16     0.08
  SINCE OCT 1      1.98                      3.10  -1.12     2.65
  SINCE JAN 1      1.98                      1.97   0.01     1.59

SNOWFALL (IN)
  TODAY            0.0           0.0    MM   0.0    0.0      0.0
  MONTH TO DATE    0.0                       0.0    0.0      0.0
  SINCE MAR 1      0.0                       0.0    0.0      0.0
  SINCE JUL 1      0.0                       0.3   -0.3      0.0
  SNOW DEPTH       0

DEGREE DAYS
 HEATING
  TODAY            0                         0      0        0
  MONTH TO DATE   12                         4      8        7
  SINCE MAR 1    194                       256    -62       98
  SINCE JUL 1   1313                      1947   -634     1470

 COOLING
  TODAY           12                        14     -2       20
  MONTH TO DATE  296                       247     49      211
  SINCE MAR 1    558                       406    152      486
  SINCE JAN 1    558                       407    151      489
..................................................................


WIND (MPH)
  RESULTANT WIND SPEED   3   RESULTANT WIND DIRECTION  NE (50)
  HIGHEST WIND SPEED    14   HIGHEST WIND DIRECTION     S (160)
  HIGHEST GUST SPEED    21   HIGHEST GUST DIRECTION    SE (140)
  AVERAGE WIND SPEED     5.3


SKY COVER
  POSSIBLE SUNSHINE  MM
  AVERAGE SKY COVER 0.6


WEATHER CONDITIONS
 THE FOLLOWING WEATHER WAS RECORDED TODAY.
  NO SIGNIFICANT WEATHER WAS OBSERVED.


RELATIVE HUMIDITY (PERCENT)
 HIGHEST    34           500 AM
 LOWEST     15           100 PM
 AVERAGE    25

..........................................................


THE LAS VEGAS NV CLIMATE NORMALS FOR TOMORROW
                         NORMAL    RECORD    YEAR
 MAXIMUM TEMPERATURE (F)   91       107      2000
 MINIMUM TEMPERATURE (F)   68        48      1980


SUNRISE AND SUNSET
MAY 22 2018...........SUNRISE   530 AM PDT   SUNSET   745 PM PDT
MAY 23 2018...........SUNRISE   529 AM PDT   SUNSET   746 PM PDT


-  INDICATES NEGATIVE NUMBERS.
R  INDICATES RECORD WAS SET OR TIED.
MM INDICATES DATA IS MISSING.
T  INDICATES TRACE AMOUNT.




$$
