000
CDUS46 KLOX 230111
CLILAX


CLIMATE REPORT
NATIONAL WEATHER SERVICE LOS ANGELES/OXNARD CA
611 PM PDT SUN APR 22 2018


...................................

...THE LOS ANGELES AIRPORT CLIMATE SUMMARY FOR APRIL 22 2018...
VALID TODAY AS OF 0600 PM LOCAL TIME.

CLIMATE NORMAL PERIOD 1981 TO 2010
CLIMATE RECORD PERIOD 1944 TO 2018


WEATHER ITEM   OBSERVED TIME   RECORD YEAR NORMAL DEPARTURE LAST
                VALUE   (LST)  VALUE       VALUE  FROM      YEAR
                                                  NORMAL
..................................................................
TEMPERATURE (F)
 TODAY
  MAXIMUM         73    113 PM  90    1987  67      6       79
  MINIMUM         56    540 AM  45    1971  55      1       60
                                      1963
  AVERAGE         65                        61      4       70

PRECIPITATION (IN)
  TODAY            0.00          0.52 1955   0.02  -0.02     0.00
  MONTH TO DATE    0.05                      0.57  -0.52     0.38
  SINCE OCT 1      3.73                     12.10  -8.37    16.19
  SINCE JAN 1      3.62                      8.38  -4.76    11.94

SNOWFALL (IN)
  TODAY            0.0
  MONTH TO DATE    0.0
  SINCE MAR 1      0.0
  SINCE JUL 1      0.0

DEGREE DAYS
 HEATING
  TODAY            0                         5     -5        0
  MONTH TO DATE   66                       123    -57       64
  SINCE MAR 1    255                       344    -89      176
  SINCE JUL 1    704                      1273   -569      949

 COOLING
  TODAY            0                         1     -1        5
  MONTH TO DATE   19                         1     18       12
  SINCE MAR 1     19                         7     12       14
  SINCE JAN 1     50                        16     34       14
..................................................................


WIND (MPH)
  HIGHEST WIND SPEED    15   HIGHEST WIND DIRECTION     W (270)
  HIGHEST GUST SPEED    18   HIGHEST GUST DIRECTION     W (270)
  AVERAGE WIND SPEED     7.2


SKY COVER
  POSSIBLE SUNSHINE  MM
  AVERAGE SKY COVER 0.3


WEATHER CONDITIONS
 THE FOLLOWING WEATHER WAS RECORDED TODAY.
  NO SIGNIFICANT WEATHER WAS OBSERVED.


RELATIVE HUMIDITY (PERCENT)
 HIGHEST    86           100 AM
 LOWEST     49           100 PM
 AVERAGE    68

..........................................................


THE LOS ANGELES AIRPORT CLIMATE NORMALS FOR TOMORROW
                         NORMAL    RECORD    YEAR
 MAXIMUM TEMPERATURE (F)   67        87      2004
 MINIMUM TEMPERATURE (F)   55        46      2010


SUNRISE AND SUNSET
APRIL 22 2018.........SUNRISE   614 AM PDT   SUNSET   730 PM PDT
APRIL 23 2018.........SUNRISE   613 AM PDT   SUNSET   731 PM PDT


-  INDICATES NEGATIVE NUMBERS.
R  INDICATES RECORD WAS SET OR TIED.
MM INDICATES DATA IS MISSING.
T  INDICATES TRACE AMOUNT.




$$
