000
CDUS42 KILM 260845
CLILBT


CLIMATE REPORT
NATIONAL WEATHER SERVICE WILMINGTON NC
445 AM EDT SAT MAY 26 2018


...................................

...THE LUMBERTON NORTH CAROLINA CLIMATE SUMMARY FOR MAY 25 2018...

CLIMATE NORMAL PERIOD 1981 TO 2010
CLIMATE RECORD PERIOD 1903 TO 2018


WEATHER ITEM   OBSERVED TIME   RECORD YEAR NORMAL DEPARTURE LAST
                VALUE   (LST)  VALUE       VALUE  FROM      YEAR
                                                  NORMAL
..................................................................
TEMPERATURE (F)
 YESTERDAY
  MAXIMUM         91    317 PM 100    1926  84      7       75
  MINIMUM         69    553 AM  42    1967  61      8       64
  AVERAGE         80                        72      8       70

PRECIPITATION (IN)
  YESTERDAY        0.03          5.40 1977   0.12  -0.09      T
  MONTH TO DATE    1.17                      2.30  -1.13     3.80
  SINCE MAR 1      6.99                      8.45  -1.46    13.77
  SINCE JAN 1     10.00                     14.32  -4.32    17.26

DEGREE DAYS
 HEATING
  YESTERDAY        0                         0      0        0
  MONTH TO DATE    2                        30    -28       14
  SINCE MAR 1    657                       529    128      432
  SINCE JUL 1   2745                      2759    -14     2079

 COOLING
  YESTERDAY       15                         8      7        5
  MONTH TO DATE  241                       130    111      169
  SINCE MAR 1    275                       195     80      318
  SINCE JAN 1    320                       198    122      328
..................................................................


WIND (MPH)
  RESULTANT WIND SPEED   3   RESULTANT WIND DIRECTION  SE (130)
  HIGHEST WIND SPEED    15   HIGHEST WIND DIRECTION    SE (150)
  HIGHEST GUST SPEED    21   HIGHEST GUST DIRECTION     S (180)
  AVERAGE WIND SPEED     4.0


SKY COVER
  POSSIBLE SUNSHINE  MM
  AVERAGE SKY COVER 0.5


WEATHER CONDITIONS
 THE FOLLOWING WEATHER WAS RECORDED YESTERDAY.
  THUNDERSTORM
  LIGHT RAIN
  FOG


RELATIVE HUMIDITY (PERCENT)
 HIGHEST    97           200 AM
 LOWEST     46           100 PM
 AVERAGE    72

..........................................................


THE LUMBERTON NORTH CAROLINA CLIMATE NORMALS FOR TODAY
                         NORMAL    RECORD    YEAR
 MAXIMUM TEMPERATURE (F)   84       101      1926
 MINIMUM TEMPERATURE (F)   61        45      1988
                                             1979


SUNRISE AND SUNSET
MAY 26 2018...........SUNRISE   607 AM EDT   SUNSET   820 PM EDT
MAY 27 2018...........SUNRISE   606 AM EDT   SUNSET   821 PM EDT


-  INDICATES NEGATIVE NUMBERS.
R  INDICATES RECORD WAS SET OR TIED.
MM INDICATES DATA IS MISSING.
T  INDICATES TRACE AMOUNT.




$$
