446
CDUS44 KLCH 220839
CLILCH


CLIMATE REPORT
NATIONAL WEATHER SERVICE LAKE CHARLES, LA
337 AM CDT TUE MAY 22 2018


...................................

...THE LAKE CHARLES CLIMATE SUMMARY FOR MAY 21 2018...

CLIMATE NORMAL PERIOD 1981 TO 2010
CLIMATE RECORD PERIOD 1895 TO 2018


WEATHER ITEM   OBSERVED TIME   RECORD YEAR NORMAL DEPARTURE LAST
                VALUE   (LST)  VALUE       VALUE  FROM      YEAR
                                                  NORMAL
..................................................................
TEMPERATURE (F)
 YESTERDAY
  MAXIMUM         90    217 PM  99    2005  86      4       84
  MINIMUM         71    433 AM  52    1981  68      3       69
  AVERAGE         81                        77      4       77

PRECIPITATION (IN)
  YESTERDAY        0.35          4.20 1967   0.17   0.18     1.37
  MONTH TO DATE    2.12                      3.31  -1.19     7.04
  SINCE MAR 1      7.91                     10.30  -2.39    14.51
  SINCE JAN 1     20.50                     18.99   1.51    21.46

SNOWFALL (IN)
  YESTERDAY        0.0           0.0    MM   0.0    0.0      0.0
  MONTH TO DATE    0.0                       0.0    0.0      0.0
  SINCE MAR 1      0.0                       0.0    0.0      0.0
  SINCE JUL 1      2.2                       0.1    2.1       T
  SNOW DEPTH       0

DEGREE DAYS
 HEATING
  YESTERDAY        0                         0      0        0
  MONTH TO DATE    0                         0      0        1
  SINCE MAR 1    143                       207    -64       85
  SINCE JUL 1   1299                      1489   -190      743

 COOLING
  YESTERDAY       16                        12      4       12
  MONTH TO DATE  284                       200     84      177
  SINCE MAR 1    471                       385     86      461
  SINCE JAN 1    573                       408    165      592
..................................................................


WIND (MPH)
  HIGHEST WIND SPEED    16   HIGHEST WIND DIRECTION     E (100)
  HIGHEST GUST SPEED    22   HIGHEST GUST DIRECTION     W (250)
  AVERAGE WIND SPEED     4.1


SKY COVER
  POSSIBLE SUNSHINE  MM
  AVERAGE SKY COVER 0.3


WEATHER CONDITIONS
 THE FOLLOWING WEATHER WAS RECORDED YESTERDAY.
  THUNDERSTORM
  HEAVY RAIN
  LIGHT RAIN
  FOG


RELATIVE HUMIDITY (PERCENT)
 HIGHEST    94           700 AM
 LOWEST     44           300 PM
 AVERAGE    69

..........................................................


THE LAKE CHARLES CLIMATE NORMALS FOR TODAY
                         NORMAL    RECORD    YEAR
 MAXIMUM TEMPERATURE (F)   86       100      1915
 MINIMUM TEMPERATURE (F)   68        50      1901


SUNRISE AND SUNSET
MAY 22 2018...........SUNRISE   615 AM CDT   SUNSET   804 PM CDT
MAY 23 2018...........SUNRISE   615 AM CDT   SUNSET   805 PM CDT


-  INDICATES NEGATIVE NUMBERS.
R  INDICATES RECORD WAS SET OR TIED.
MM INDICATES DATA IS MISSING.
T  INDICATES TRACE AMOUNT.




$$
