000
CDUS46 KLOX 210910
CLILGB


CLIMATE REPORT
NATIONAL WEATHER SERVICE LOS ANGELES/OXNARD CA
209 AM PDT SAT APR 21 2018


...................................

...THE LONG BEACH AIRPORT CA CLIMATE SUMMARY FOR APRIL 20 2018...

CLIMATE NORMAL PERIOD 1981 TO 2010
CLIMATE RECORD PERIOD 1958 TO 2018


WEATHER ITEM   OBSERVED TIME   RECORD YEAR NORMAL DEPARTURE LAST
                VALUE   (LST)  VALUE       VALUE  FROM      YEAR
                                                  NORMAL
..................................................................
TEMPERATURE (F)
 YESTERDAY
  MAXIMUM         75    226 PM 100    2009  72      3       78
  MINIMUM         52    542 AM  41    1967  54     -2       56
  AVERAGE         64                        63      1       67

PRECIPITATION (IN)
  YESTERDAY        0.00          0.48 2007   0.02  -0.02     0.00
  MONTH TO DATE    0.04                      0.46  -0.42     0.18
  SINCE OCT 1      3.52                     11.60  -8.08    19.58
  SINCE JAN 1      3.45                      8.02  -4.57    14.38

SNOWFALL (IN)
  YESTERDAY        0.0
  MONTH TO DATE    0.0
  SINCE MAR 1      0.0
  SINCE JUL 1      0.0

DEGREE DAYS
 HEATING
  YESTERDAY        1                         3     -2        0
  MONTH TO DATE   26                        79    -53       29
  SINCE MAR 1    153                       258   -105       99
  SINCE JUL 1    577                      1149   -572      877

 COOLING
  YESTERDAY        0                         1     -1        2
  MONTH TO DATE   33                        20     13       14
  SINCE MAR 1     34                        30      4       40
  SINCE JAN 1     74                        38     36       41
..................................................................


WIND (MPH)
  HIGHEST WIND SPEED    18   HIGHEST WIND DIRECTION    NW (300)
  HIGHEST GUST SPEED    22   HIGHEST GUST DIRECTION     W (290)
  AVERAGE WIND SPEED     5.6


SKY COVER
  POSSIBLE SUNSHINE  MM
  AVERAGE SKY COVER 0.2


WEATHER CONDITIONS
 THE FOLLOWING WEATHER WAS RECORDED YESTERDAY.
  NO SIGNIFICANT WEATHER WAS OBSERVED.


RELATIVE HUMIDITY (PERCENT)
 HIGHEST    89           300 AM
 LOWEST     35          1200 PM
 AVERAGE    62

..........................................................


THE LONG BEACH AIRPORT CA CLIMATE NORMALS FOR TODAY
                         NORMAL    RECORD    YEAR
 MAXIMUM TEMPERATURE (F)   72        94      1987
 MINIMUM TEMPERATURE (F)   54        44      1973
                                             1967


SUNRISE AND SUNSET
APRIL 21 2018.........SUNRISE   615 AM PDT   SUNSET   728 PM PDT
APRIL 22 2018.........SUNRISE   613 AM PDT   SUNSET   729 PM PDT


-  INDICATES NEGATIVE NUMBERS.
R  INDICATES RECORD WAS SET OR TIED.
MM INDICATES DATA IS MISSING.
T  INDICATES TRACE AMOUNT.




$$
