000
CDUS43 KLOT 270633
CLILOT


CLIMATE REPORT
NATIONAL WEATHER SERVICE CHICAGO IL
132 AM CDT SUN MAY 27 2018


...................................

...THE ROMEOVILLE  WFO CLIMATE SUMMARY FOR MAY 26 2018...

CLIMATE NORMAL PERIOD 1981 TO 2010
CLIMATE RECORD PERIOD 1992 TO 2018


WEATHER ITEM   OBSERVED RECORD YEAR NORMAL DEPARTURE LAST
                VALUE   VALUE       VALUE  FROM      YEAR
                                           NORMAL
...........................................................
TEMPERATURE (F)
 YESTERDAY
  MAXIMUM         89     91    2012  74     15       74
  MINIMUM         66     35    1992  53     13       53
  AVERAGE         78                 64     14       64

PRECIPITATION (IN)
  YESTERDAY        0.00   2.19 2009   0.12  -0.12     0.34
  MONTH TO DATE    3.85               3.56   0.29     4.71
  SINCE MAR 1      8.06              10.29  -2.23    16.51
  SINCE JAN 1     14.84              14.00   0.84    22.22

DEGREE DAYS
 HEATING
  YESTERDAY        0                  4     -4
  MONTH TO DATE   65                175   -110
  SINCE MAR 1   1639               1441    198
  SINCE JUL 1   6321               6169    152

 COOLING
  YESTERDAY       13                  3     10
  MONTH TO DATE   63                 38     25
  SINCE MAR 1     63                 43     20
  SINCE JAN 1     63                 43     20
...........................................................







THE ROMEOVILLE  WFO CLIMATE NORMALS FOR TODAY
                         NORMAL    RECORD    YEAR
 MAXIMUM TEMPERATURE (F)   74        96      2012
 MINIMUM TEMPERATURE (F)   53        33      1992


SUNRISE AND SUNSET
MAY 27 2018...........SUNRISE   523 AM CDT   SUNSET   816 PM CDT
MAY 28 2018...........SUNRISE   523 AM CDT   SUNSET   817 PM CDT


-  INDICATES NEGATIVE NUMBERS.
R  INDICATES RECORD WAS SET OR TIED.
MM INDICATES DATA IS MISSING.
T  INDICATES TRACE AMOUNT.




$$
