000
CDUS43 KLMK 220627
CLILOU


CLIMATE REPORT
NATIONAL WEATHER SERVICE LOUISVILLE KY
227 AM EDT SUN APR 22 2018


...................................

...THE LOUISVILLE BOWMAN KY CLIMATE SUMMARY FOR APRIL 21 2018...

CLIMATE NORMAL PERIOD 1981 TO 2010
CLIMATE RECORD PERIOD 9999 TO 9999


WEATHER ITEM   OBSERVED TIME   RECORD YEAR NORMAL DEPARTURE LAST
                VALUE   (LST)  VALUE       VALUE  FROM      YEAR
                                                  NORMAL
..................................................................
TEMPERATURE (F)
 YESTERDAY
  MAXIMUM         70    348 PM  MM      MM  69      1       72
  MINIMUM         43    632 AM  MM      MM  49     -6       52
  AVERAGE         57                        59     -2       62

PRECIPITATION (IN)
  YESTERDAY        0.00         MM      MM   0.14  -0.14     0.30
  MONTH TO DATE    2.68                      2.61   0.07     3.02
  SINCE MAR 1      7.55                      6.77   0.78     6.47
  SINCE JAN 1     19.42                     13.33   6.09    12.49

SNOWFALL (IN)
  YESTERDAY       MM            MM      MM  MM     MM       MM
  MONTH TO DATE   MM                        MM     MM       MM
  SINCE MAR 1     MM                        MM     MM       MM
  SINCE JUL 1     MM                        MM     MM       MM
  SNOW DEPTH      MM

DEGREE DAYS
 HEATING
  YESTERDAY        8                         7      1        3
  MONTH TO DATE  329                       216    113       75
  SINCE MAR 1    966                       778    188      555
  SINCE JUL 1   4228                      4139     89     3117

 COOLING
  YESTERDAY        0                         1     -1        0
  MONTH TO DATE   16                        21     -5       58
  SINCE MAR 1     16                        25     -9       67
  SINCE JAN 1     26                        25      1       70
..................................................................


WIND (MPH)
  HIGHEST WIND SPEED    14   HIGHEST WIND DIRECTION     E (70)
  HIGHEST GUST SPEED    19   HIGHEST GUST DIRECTION     E (90)
  AVERAGE WIND SPEED     8.1


SKY COVER
  POSSIBLE SUNSHINE  MM
  AVERAGE SKY COVER 0.0


WEATHER CONDITIONS
 THE FOLLOWING WEATHER WAS RECORDED YESTERDAY.
  NO SIGNIFICANT WEATHER WAS OBSERVED.


RELATIVE HUMIDITY (PERCENT)
 HIGHEST    53           300 AM
 LOWEST     22           400 PM
 AVERAGE    38

..........................................................


THE LOUISVILLE BOWMAN KY CLIMATE NORMALS FOR TODAY
                         NORMAL
 MAXIMUM TEMPERATURE (F)   69
 MINIMUM TEMPERATURE (F)   49


SUNRISE AND SUNSET
APRIL 22 2018.........SUNRISE   657 AM EDT   SUNSET   825 PM EDT
APRIL 23 2018.........SUNRISE   656 AM EDT   SUNSET   826 PM EDT


-  INDICATES NEGATIVE NUMBERS.
R  INDICATES RECORD WAS SET OR TIED.
MM INDICATES DATA IS MISSING.
T  INDICATES TRACE AMOUNT.




$$
