000
CDUS45 KBYZ 270721
CLILVM


CLIMATE REPORT
NATIONAL WEATHER SERVICE BILLINGS MT
121 AM MDT FRI APR 27 2018


...................................

...THE LIVINGSTON MT CLIMATE SUMMARY FOR APRIL 26 2018...

CLIMATE NORMAL PERIOD 1981 TO 2010
CLIMATE RECORD PERIOD 1948 TO 2018


WEATHER ITEM   OBSERVED TIME   RECORD YEAR NORMAL DEPARTURE LAST
                VALUE   (LST)  VALUE       VALUE  FROM      YEAR
                                                  NORMAL
..................................................................
TEMPERATURE (F)
 YESTERDAY
  MAXIMUM         71    518 PM  78    2001  58     13       55
  MINIMUM         27    313 AM  21    2010  31     -4       33
                                      1995
  AVERAGE         49                        45      4       44

PRECIPITATION (IN)
  YESTERDAY        0.00          1.13 1984   0.07  -0.07     0.23
  MONTH TO DATE    2.20                      1.48   0.72     2.09
  SINCE OCT 1      7.48                      5.68   1.80     8.55
  SINCE JAN 1      4.44                      3.31   1.13     4.62

DEGREE DAYS
 HEATING
  YESTERDAY       16                        20     -4       21
  MONTH TO DATE  681                       611     70      535
  SINCE MAR 1   1588                      1522     66     1254
  SINCE JUL 1   6908                      6870     38     6480

 COOLING
  YESTERDAY        0                         0      0        0
  MONTH TO DATE    0                         0      0        0
  SINCE MAR 1      0                         0      0        0
  SINCE JAN 1      0                         0      0        0
..................................................................


WIND (MPH)
  HIGHEST WIND SPEED    16   HIGHEST WIND DIRECTION     W (280)
  HIGHEST GUST SPEED    23   HIGHEST GUST DIRECTION    NW (310)
  AVERAGE WIND SPEED     6.1


SKY COVER
  POSSIBLE SUNSHINE  MM
  AVERAGE SKY COVER 0.0


WEATHER CONDITIONS
 THE FOLLOWING WEATHER WAS RECORDED YESTERDAY.
  NO SIGNIFICANT WEATHER WAS OBSERVED.


RELATIVE HUMIDITY (PERCENT)
 HIGHEST    92           100 AM
 LOWEST     16           400 PM
 AVERAGE    54

..........................................................


THE LIVINGSTON MT CLIMATE NORMALS FOR TODAY
                         NORMAL    RECORD    YEAR
 MAXIMUM TEMPERATURE (F)   59        83      1987
 MINIMUM TEMPERATURE (F)   31        20      1994


SUNRISE AND SUNSET
APRIL 27 2018.........SUNRISE   616 AM MDT   SUNSET   824 PM MDT
APRIL 28 2018.........SUNRISE   614 AM MDT   SUNSET   825 PM MDT


-  INDICATES NEGATIVE NUMBERS.
R  INDICATES RECORD WAS SET OR TIED.
MM INDICATES DATA IS MISSING.
T  INDICATES TRACE AMOUNT.




$$
