000
CDUS43 KTOP 192146
CLILWC


CLIMATE REPORT
NATIONAL WEATHER SERVICE TOPEKA KS
445 PM CDT THU APR 19 2018


...................................

...THE LAWRENCE KS CLIMATE SUMMARY FOR APRIL 19 2018...
VALID TODAY AS OF 0400 PM LOCAL TIME.

CLIMATE NORMAL PERIOD 1981 TO 2010
CLIMATE RECORD PERIOD 9999 TO 9999


WEATHER ITEM   OBSERVED NORMAL DEPARTURE LAST
                VALUE   VALUE  FROM      YEAR
                               NORMAL
...............................................
TEMPERATURE (F)
 TODAY
  MAXIMUM         59     68     -9       81
  MINIMUM         30     44    -14       58
  AVERAGE         45     56    -11       70

PRECIPITATION (IN)
  TODAY            0.00   0.14  -0.14     0.01
  MONTH TO DATE    0.41   2.11  -1.70     4.12
  SINCE MAR 1      1.95   4.73  -2.78     6.48
  SINCE JAN 1      3.81   7.04  -3.23     7.49

DEGREE DAYS
 HEATING
  TODAY           20     10     10        0
  MONTH TO DATE  425    236    189      133
  SINCE MAR 1   1049    877    172      652
  SINCE JUL 1   4990   4892     98     3933

 COOLING
  TODAY            0      1     -1        5
  MONTH TO DATE    2     12    -10       25
  SINCE MAR 1      2     15    -13       32
  SINCE JAN 1      2     15    -13       32
...............................................


WIND (MPH)
  HIGHEST WIND SPEED    16   HIGHEST WIND DIRECTION     N (350)
  HIGHEST GUST SPEED    22   HIGHEST GUST DIRECTION     N (350)
  AVERAGE WIND SPEED     7.5



WEATHER CONDITIONS
 THE FOLLOWING WEATHER WAS RECORDED TODAY.
  NO SIGNIFICANT WEATHER WAS OBSERVED.


RELATIVE HUMIDITY (PERCENT)
 HIGHEST    85
 LOWEST     33
 AVERAGE    59

..........................................................


THE LAWRENCE KS CLIMATE NORMALS FOR TOMORROW
                         NORMAL
 MAXIMUM TEMPERATURE (F)   68
 MINIMUM TEMPERATURE (F)   44


SUNRISE AND SUNSET
APRIL 19 2018.........SUNRISE   638 AM CDT   SUNSET   802 PM CDT
APRIL 20 2018.........SUNRISE   637 AM CDT   SUNSET   803 PM CDT


-  INDICATES NEGATIVE NUMBERS.
R  INDICATES RECORD WAS SET OR TIED.
MM INDICATES DATA IS MISSING.
T  INDICATES TRACE AMOUNT.




$$
