000
CDUS41 KRNK 232109
CLILYH


CLIMATE REPORT
NATIONAL WEATHER SERVICE BLACKSBURG VA
508 PM EDT WED MAY 23 2018


...................................

...THE LYNCHBURG VA CLIMATE SUMMARY FOR MAY 23 2018...
VALID TODAY AS OF 0500 PM LOCAL TIME.

CLIMATE NORMAL PERIOD 1981 TO 2010
CLIMATE RECORD PERIOD 1893 TO 2018


WEATHER ITEM   OBSERVED TIME   RECORD YEAR NORMAL DEPARTURE LAST
                VALUE   (LST)  VALUE       VALUE  FROM      YEAR
                                                  NORMAL
..................................................................
TEMPERATURE (F)
 TODAY
  MAXIMUM         86    209 PM  94    1941  77      9       65
                                      1925
  MINIMUM         65    525 AM  33    2002  53     12       57
  AVERAGE         76                        65     11       61

PRECIPITATION (IN)
  TODAY            T             2.25 1913   0.12  -0.12     0.87
  MONTH TO DATE    5.97                      2.67   3.30     6.50
  SINCE MAR 1     13.84                      9.56   4.28    13.34
  SINCE JAN 1     22.50                     15.63   6.87    17.72

SNOWFALL (IN)
  TODAY            0.0                                       0.0
  MONTH TO DATE    0.0                                       0.0
  SINCE MAR 1      8.2                                        T
  SINCE JUL 1     13.9                                       5.9
  SNOW DEPTH       0

DEGREE DAYS
 HEATING
  TODAY            0                         3     -3        4
  MONTH TO DATE   10                       104    -94       89
  SINCE MAR 1   1091                      1003     88      788
  SINCE JUL 1   4319                      4427   -108     3497

 COOLING
  TODAY           11                         3      8        0
  MONTH TO DATE  125                        37     88       51
  SINCE MAR 1    136                        55     81      103
  SINCE JAN 1    136                        55     81      104
..................................................................


WIND (MPH)
  HIGHEST WIND SPEED    10   HIGHEST WIND DIRECTION    SW (240)
  HIGHEST GUST SPEED    16   HIGHEST GUST DIRECTION    SW (220)
  AVERAGE WIND SPEED     3.7


SKY COVER
  AVERAGE SKY COVER 0.4


WEATHER CONDITIONS
 THE FOLLOWING WEATHER WAS RECORDED TODAY.
  FOG


RELATIVE HUMIDITY (PERCENT)
 HIGHEST   100           400 AM
 LOWEST     48           200 PM
 AVERAGE    74

..........................................................


THE LYNCHBURG VA CLIMATE NORMALS FOR TOMORROW
                         NORMAL    RECORD    YEAR
 MAXIMUM TEMPERATURE (F)   77        93      1903
 MINIMUM TEMPERATURE (F)   53        40      2006


SUNRISE AND SUNSET
MAY 23 2018...........SUNRISE   602 AM EDT   SUNSET   825 PM EDT
MAY 24 2018...........SUNRISE   602 AM EDT   SUNSET   826 PM EDT


-  INDICATES NEGATIVE NUMBERS.
R  INDICATES RECORD WAS SET OR TIED.
MM INDICATES DATA IS MISSING.
T  INDICATES TRACE AMOUNT.




$$
