000
CDUS44 KLZK 200638
CLILZK


CLIMATE REPORT
NATIONAL WEATHER SERVICE LITTLE ROCK AR
137 AM CDT FRI APR 20 2018


...................................

...THE NORTH LITTLE ROCK CLIMATE SUMMARY FOR APRIL 19 2018...

CLIMATE NORMAL PERIOD 1981 TO 2010
CLIMATE RECORD PERIOD 1975 TO 2018


WEATHER ITEM   OBSERVED TIME   RECORD YEAR NORMAL DEPARTURE LAST
                VALUE   (LST)  VALUE       VALUE  FROM      YEAR
                                                  NORMAL
..................................................................
TEMPERATURE (F)
 YESTERDAY
  MAXIMUM         60    410 PM  90    2011  74    -14       82
                                      1987
  MINIMUM         43    600 AM  32    1983  54    -11       62
  AVERAGE         52                        64    -12       72

PRECIPITATION (IN)
  YESTERDAY        0.00          1.27 1992   0.17  -0.17      T
  MONTH TO DATE    4.21                      2.93   1.28     2.62
  SINCE MAR 1      7.37                      7.70  -0.33     6.09
  SINCE JAN 1     23.24                     14.78   8.46    11.37

SNOWFALL (IN)
  YESTERDAY        0.0           T    1983   0.0    0.0      0.0
  MONTH TO DATE    T                         0.0    0.0      0.0
  SINCE MAR 1      T                         0.4   -0.4       T
  SINCE JUL 1      1.5                       4.4   -2.9      0.8
  SNOW DEPTH       0

DEGREE DAYS
 HEATING
  YESTERDAY       13                         4      9        0
  MONTH TO DATE  240                       107    133       35
  SINCE MAR 1    538                       467     71      306
  SINCE JUL 1   2985                      2953     32     2139

 COOLING
  YESTERDAY        0                         2     -2        7
  MONTH TO DATE    6                        33    -27       59
  SINCE MAR 1     18                        50    -32       86
  SINCE JAN 1     21                        52    -31      103
..................................................................


WIND (MPH)
  HIGHEST WIND SPEED    13   HIGHEST WIND DIRECTION     N (360)
  HIGHEST GUST SPEED    16   HIGHEST GUST DIRECTION     E (90)
  AVERAGE WIND SPEED     7.8


SKY COVER
  POSSIBLE SUNSHINE  MM
  AVERAGE SKY COVER  MM


WEATHER CONDITIONS
 THE FOLLOWING WEATHER WAS RECORDED YESTERDAY.
  NO SIGNIFICANT WEATHER WAS OBSERVED.


RELATIVE HUMIDITY (PERCENT)
 HIGHEST    MM
 LOWEST     MM
 AVERAGE    MM

..........................................................


THE NORTH LITTLE ROCK CLIMATE NORMALS FOR TODAY
                         NORMAL    RECORD    YEAR
 MAXIMUM TEMPERATURE (F)   74        94      1987
 MINIMUM TEMPERATURE (F)   54        34      1983


SUNRISE AND SUNSET
APRIL 20 2018.........SUNRISE   631 AM CDT   SUNSET   745 PM CDT
APRIL 21 2018.........SUNRISE   630 AM CDT   SUNSET   746 PM CDT


-  INDICATES NEGATIVE NUMBERS.
R  INDICATES RECORD WAS SET OR TIED.
MM INDICATES DATA IS MISSING.
T  INDICATES TRACE AMOUNT.




$$
