000
CDUS46 KHNX 250023
CLIMAE


CLIMATE REPORT
NATIONAL WEATHER SERVICE SAN JOAQUIN VALLEY, CA
523 PM PDT THU MAY 24 2018


...................................

...THE MADERA CA CLIMATE SUMMARY FOR MAY 24 2018...
VALID AS OF 0400 PM LOCAL TIME.

CLIMATE NORMAL PERIOD 1981 TO 2010
CLIMATE RECORD PERIOD 1998 TO 2018


WEATHER ITEM   OBSERVED TIME   RECORD YEAR NORMAL DEPARTURE LAST
                VALUE   (LST)  VALUE       VALUE  FROM      YEAR
                                                  NORMAL
..................................................................
TEMPERATURE (F)
 TODAY
  MAXIMUM         81    359 PM 100    2001  85     -4       91
  MINIMUM         54    532 AM  45    2011  53      1       59
  AVERAGE         68                        69     -1       75

PRECIPITATION (IN)
  TODAY            0.00          0.02 2008   0.00   0.00     0.00
  MONTH TO DATE    0.00                      0.44  -0.44      T
  SINCE OCT 1      7.22                     11.50  -4.28    14.17
  SINCE JAN 1      6.81                      7.77  -0.96    10.10

SNOWFALL (IN)
  TODAY            0.0
  MONTH TO DATE    0.0
  SINCE MAR 1      0.0
  SINCE JUL 1      0.0
  SNOW DEPTH       0

DEGREE DAYS
 HEATING
  TODAY            0                                         0
  MONTH TO DATE    6                                        24
  SINCE MAR 1    436                                       388
  SINCE JUL 1   2133                                      2067

 COOLING
  TODAY            3                                        10
  MONTH TO DATE   72                                       137
  SINCE MAR 1    102                                       150
  SINCE JAN 1    102                                       150
..................................................................


WIND (MPH)
  HIGHEST WIND SPEED    13   HIGHEST WIND DIRECTION    NW (300)
  HIGHEST GUST SPEED    17   HIGHEST GUST DIRECTION    NW (300)
  AVERAGE WIND SPEED     9.3




RELATIVE HUMIDITY (PERCENT)
 HIGHEST    83
 LOWEST     36
 AVERAGE    60

..........................................................


THE MADERA CA CLIMATE NORMALS FOR TOMORROW
                         NORMAL    RECORD    YEAR
 MAXIMUM TEMPERATURE (F)   86        99      2001
 MINIMUM TEMPERATURE (F)   53        46      2010


SUNRISE AND SUNSET
MAY 24 2018...........SUNRISE   546 AM PDT   SUNSET   809 PM PDT
MAY 25 2018...........SUNRISE   546 AM PDT   SUNSET   810 PM PDT


-  INDICATES NEGATIVE NUMBERS.
R  INDICATES RECORD WAS SET OR TIED.
MM INDICATES DATA IS MISSING.
T  INDICATES TRACE AMOUNT.




$$
